{"id":107,"date":"2009-10-20T06:37:48","date_gmt":"2009-10-20T04:37:48","guid":{"rendered":"http:\/\/flygplats.sjoboflyg.se\/?page_id=107"},"modified":"2024-10-31T16:03:18","modified_gmt":"2024-10-31T14:03:18","slug":"tillstand","status":"publish","type":"page","link":"https:\/\/flygplats.sjoboflyg.se\/?page_id=107","title":{"rendered":"Tillst\u00e5nd"},"content":{"rendered":"<p><span style=\"font-family: trebuchet ms,geneva;\"><em>Process\u00e4gare: Flygplatschefen<br \/>\n<\/em><br \/>\n<span style=\"font-size: medium;\"><strong>Syfte<br \/>\n<\/strong>Sammanst\u00e4llning av\u00a0de tillst\u00e5nd som olika delar av driften kr\u00e4ver.<\/span><\/span><\/p>\n<p><span style=\"font-family: trebuchet ms,geneva;\"><span style=\"font-size: medium;\"><strong>Omfattning<\/strong><br \/>\nAllt som r\u00f6r flygplatsomr\u00e5det.<\/span><\/span><\/p>\n<p><strong>Myndighetens Regelverk<\/strong><\/p>\n<p><a href=\"http:\/\/flygplats.sjoboflyg.se\/wp-content\/uploads\/2019\/04\/TSFS-2019_26.pdf\">TSFS 2019_26<\/a><br \/>\n<a href=\"http:\/\/flygplats.sjoboflyg.se\/wp-content\/uploads\/2019\/04\/TSFS-2012_91.pdf\">TSFS 2012_91<\/a><br \/>\n<a href=\"http:\/\/flygplats.sjoboflyg.se\/wp-content\/uploads\/2019\/04\/TSFS-2010_123k.pdf\">TSFS 2010_123k<\/a><\/p>\n<p><span style=\"font-family: trebuchet ms,geneva;\"><span style=\"font-size: medium;\"><strong>Flygplatsens driftstillst\u00e5nd\u00a0<\/strong><strong><br \/>\n<\/strong><\/span><\/span><\/p>\n<h4><a href=\"http:\/\/flygplats.sjoboflyg.se\/wp-content\/uploads\/2016\/11\/20161102-milj\u00f6skyddinspektion.pdf\" target=\"_blank\" rel=\"noopener noreferrer\">20161101- Milj\u00f6skyddsinspektion<\/a><span style=\"font-family: trebuchet ms,geneva;\"><span style=\"font-size: medium;\"><a href=\"http:\/\/flygplats.sjoboflyg.se\/wp-content\/uploads\/2009\/10\/20121105-SSR-tillsyns-protokoll.pdf\" target=\"_blank\" rel=\"noopener noreferrer\"><br \/>\n20121105- Syd\u00f6stra Sk\u00e5nes R\u00e4ddningstj\u00e4nst, tillsynsprotokoll<\/a><strong><br \/>\n<\/strong><a href=\"http:\/\/flygplats.sjoboflyg.se\/wp-content\/uploads\/2009\/10\/Driftstatusrapport-f\u00f6r-ESMI-Sjobo-2011.pdf\" target=\"_blank\" rel=\"noopener noreferrer\">20120218- Driftstatusrapport f\u00f6r 2011<strong><br \/>\n<\/strong><\/a><a href=\"http:\/\/flygplats.sjoboflyg.se\/wp-content\/uploads\/2009\/10\/Icke-godkand-flygplats.pdf\" target=\"_blank\" rel=\"noopener noreferrer\">20110215-\u00a0Icke Godk\u00e4nd Flygplats<\/a><br \/>\n<a href=\"http:\/\/flygplats.sjoboflyg.se\/wp-content\/uploads\/2009\/10\/Driftstatusrapport-f\u00f6r-ESMI-Sjobo-2010.pdf\" target=\"_blank\" rel=\"noopener noreferrer\">20110116- Driftstatusrapport f\u00f6r 2010<\/a><br \/>\n<a href=\"http:\/\/flygplats.sjoboflyg.se\/wp-content\/uploads\/2009\/10\/20100306-Driftstatusrapport-f\u00f6r-ESMI-Sj\u00f6bo-2009.pdf\" target=\"_blank\" rel=\"noopener noreferrer\">20100306- Driftstatusrapport f\u00f6r 2009<\/a><br \/>\n<a href=\"http:\/\/flygplats.sjoboflyg.se\/wp-content\/uploads\/2009\/10\/20100128-Verksamhetskontroll-avslutad.pdf\" target=\"_blank\" rel=\"noopener noreferrer\">20100128-\u00a0Verksamhetskontroll avslutad<\/a><br \/>\n<a href=\"http:\/\/flygplats.sjoboflyg.se\/wp-content\/uploads\/2009\/10\/20090611-Rapport-Transportstyrelsen1.pdf\" target=\"_blank\" rel=\"noopener noreferrer\">20090611- Rapport Verksamhetskontroll<\/a><br \/>\n<a href=\"http:\/\/flygplats.sjoboflyg.se\/wp-content\/uploads\/2009\/10\/20090219-Driftstatusrapport-ESMI-2008.pdf\" target=\"_blank\" rel=\"noopener noreferrer\">20090219- Driftstatusrapport f\u00f6r 2008<\/a><br \/>\n<\/span><\/span><a href=\"http:\/\/flygplats.sjoboflyg.se\/wp-content\/uploads\/2009\/10\/Drifttillstand_LFS1.pdf\" target=\"_blank\" rel=\"noopener noreferrer\"><span style=\"font-family: trebuchet ms,geneva;\"><span style=\"font-size: medium;\">20071107- Drifttillst\u00e5nd_LFS<\/span><\/span><\/a><\/h4>\n<p><span style=\"font-family: trebuchet ms,geneva;\"><span style=\"font-size: medium;\"><strong>Tillst\u00e5nd att anv\u00e4nda radios\u00e4ndare<\/strong><\/span><\/span><\/p>\n<h4><a href=\"http:\/\/flygplats.sjoboflyg.se\/wp-content\/uploads\/2022\/03\/Fast-station-2022.pdf\">20220112 &#8211; PTS radio<\/a><br \/>\n<a href=\"http:\/\/flygplats.sjoboflyg.se\/wp-content\/uploads\/2019\/03\/PTS-Radiotillst\u00e5nd-2019.pdf\">20190101 &#8211; PTS\u00a0 radio<\/a><br \/>\n<a href=\"http:\/\/flygplats.sjoboflyg.se\/wp-content\/uploads\/2018\/02\/PTS-Tillst\u00e5nd-markstation-2018.pdf\">20180218 &#8211; PTS Tillst\u00e5nd markstation<\/a><a href=\"http:\/\/flygplats.sjoboflyg.se\/wp-content\/uploads\/2009\/10\/20141111PTS.pdf\" target=\"_blank\" rel=\"noopener noreferrer\"><span style=\"font-family: trebuchet ms,geneva; font-size: medium;\"><br \/>\n21141111 &#8211; PTS radio<\/span><\/a><br \/>\n<a href=\"http:\/\/flygplats.sjoboflyg.se\/wp-content\/uploads\/2009\/10\/PTS_radio.pdf\" target=\"_blank\" rel=\"noopener noreferrer\"><span style=\"font-family: trebuchet ms,geneva;\"><span style=\"font-size: medium;\">20070131 &#8211; PTS_radio<\/span><\/span><\/a><\/h4>\n<p><span style=\"font-family: trebuchet ms,geneva;\"><span style=\"font-size: medium;\"><strong>Tillst\u00e5nd r\u00f6rande drivmedelsuppla<a href=\"http:\/\/flygplats.sjoboflyg.se\/wp-content\/uploads\/2020\/10\/Uppdrags\u00f6versikt-2020.pdf\">g<\/a><\/strong><\/span><\/span><\/p>\n<p><a href=\"http:\/\/flygplats.sjoboflyg.se\/wp-content\/uploads\/2024\/10\/Protokoll-Presto-2024.pdf\">Underh\u00e5llsprotokoll Presto 2024<\/a><\/p>\n<p><a href=\"http:\/\/flygplats.sjoboflyg.se\/wp-content\/uploads\/2024\/09\/Undertecknat-tillst\u00e5ndsbeslut.pdf\">Undertecknat tillst\u00e5ndsbeslut 2024<\/a><br \/>\n<a href=\"http:\/\/flygplats.sjoboflyg.se\/wp-content\/uploads\/2024\/09\/Avsyningsbeslut.pdf\">Avsyningsbeslut 2024<\/a><br \/>\n<a href=\"http:\/\/flygplats.sjoboflyg.se\/wp-content\/uploads\/2023\/03\/Kontrollrapport-ny-cistern.pdf\">Kontrollrapport ny cistern<\/a><br \/>\nKontrollrapport \u00c5terkommande 135548 Sj\u00f6bo Flygklubb 2022-12-15<br \/>\n<a href=\"http:\/\/flygplats.sjoboflyg.se\/wp-content\/uploads\/2023\/02\/Kontrollrapport-\u00c5terkommande-135548-Sj\u00f6bo-Flygklubb-2022-12-15.pdf\">Kontrollrapport \u00c5terkommande 135548 Sj\u00f6bo Flygklubb 2022-12-15<\/a><br \/>\n<a href=\"http:\/\/flygplats.sjoboflyg.se\/wp-content\/uploads\/2022\/10\/CO-62173-0002_1.-Brand-och-skyddsutrustning_2022-09-29-Sj\u00f6bo-Flygklubb-1.pdf\">Underh\u00e5llsprotokoll Presto 2022<\/a><br \/>\n<a href=\"http:\/\/flygplats.sjoboflyg.se\/wp-content\/uploads\/2022\/03\/img036.pdf\">20220112 Kr\u00f6ning<\/a><br \/>\n<a href=\"http:\/\/flygplats.sjoboflyg.se\/wp-content\/uploads\/2021\/09\/CO-62173-0001_1.-Brand-och-skyddsutrustning_2021-09-13-Sj\u00f6bo-Flygklubb-1.pdf\">Underh\u00e5llsprotokoll Presto 2021<\/a><br \/>\n<a href=\"http:\/\/flygplats.sjoboflyg.se\/wp-content\/uploads\/2020\/10\/Underh\u00e5llsprotokoll-Presto-2020.pdf\">Underh\u00e5llsprotokoll Presto 2020<\/a><br \/>\n<a href=\"http:\/\/flygplats.sjoboflyg.se\/wp-content\/uploads\/2020\/10\/Uppdrags\u00f6versikt-2020.pdf\">Uppdrags\u00f6versikt 2020 Presto<\/a><br \/>\n<a href=\"http:\/\/flygplats.sjoboflyg.se\/wp-content\/uploads\/2019\/11\/Kr\u00f6ning-2019-IMG_0227.jpg\">Kr\u00f6ning-2019-IMG_0227.jpg<\/a><br \/>\n<a href=\"http:\/\/flygplats.sjoboflyg.se\/wp-content\/uploads\/2018\/07\/Underh\u00e5llsprotokoll-2018.pdf\">20180725 Presto Underh\u00e5llsprotokoll 2018<\/a><br \/>\n<a href=\"http:\/\/flygplats.sjoboflyg.se\/wp-content\/uploads\/2009\/10\/Kr\u00f6ningsintyg-2017-11_08-1.pdf\">20171108 Kr\u00f6ningsintyg<\/a><br \/>\n20170705<a href=\"http:\/\/flygplats.sjoboflyg.se\/wp-content\/uploads\/2009\/10\/Presto-Underh\u00e5llsprotokoll-2017.pdf\">\u00a0Presto Underh\u00e5llsprotokoll 2017<\/a><\/p>\n<p><a href=\"http:\/\/flygplats.sjoboflyg.se\/wp-content\/uploads\/2009\/10\/Kvitto-\u00e5rskontroll-2016-Hjelmco.pdf\">20160910 Kvitto \u00e5rskontroll 2016 Hjelmco<\/a><\/p>\n<p><span style=\"color: #3366ff;\"><a href=\"http:\/\/flygplats.sjoboflyg.se\/wp-content\/uploads\/2009\/10\/20160808-Uppdrags\u00f6versikt-Presto.pdf\">20160808 Uppdrags\u00f6versikt Presto<\/a><br \/>\n<a href=\"http:\/\/flygplats.sjoboflyg.se\/wp-content\/uploads\/2009\/10\/20160808-Presto-Underh\u00e5llsprotokoll-1.pdf\">20160808 Presto Underh\u00e5llsprotokoll-1<\/a><a href=\"http:\/\/flygplats.sjoboflyg.se\/wp-content\/uploads\/2009\/10\/20160501-Diplom-brandfarlig-vara-Henrik-Larsson.pdf\"><br \/>\n20160501\u00a0Intyg brandfarlig vara Henrik Larsson<\/a><br \/>\n<a style=\"color: #3366ff;\" href=\"http:\/\/flygplats.sjoboflyg.se\/wp-content\/uploads\/2009\/10\/20160322-Intyg-F\u00f6rest\u00e5ndare-Brandfarlig-Vara-Joakim-M\u00e5rtensson.pdf\" target=\"_blank\" rel=\"noopener noreferrer\">20160322-Intyg brandfarlig vara, Joakim M\u00e5rtensson<\/a><br \/>\n<a style=\"color: #3366ff;\" href=\"http:\/\/flygplats.sjoboflyg.se\/wp-content\/uploads\/2009\/10\/2015-\u00e5rskontroll.pdf\" target=\"_blank\" rel=\"noopener noreferrer\">20150830 Kvitto \u00e5rskontroll 2015<\/a><a style=\"color: #3366ff;\" href=\"http:\/\/flygplats.sjoboflyg.se\/wp-content\/uploads\/2009\/10\/20150624-Presto-Underh\u00e5llsprotokoll-1.pdf\"><br \/>\n20150624 Presto Underh\u00e5llsprotokoll-1<\/a><a style=\"color: #3366ff;\" href=\"http:\/\/flygplats.sjoboflyg.se\/wp-content\/uploads\/2009\/10\/20150304-Bygglov-brandfarlig-vara.pdf\" target=\"_blank\" rel=\"noopener noreferrer\"><br \/>\n20150304-Bygglov brandfarlig vara<br \/>\n<\/a><span style=\"font-family: trebuchet ms,geneva;\"><span style=\"font-size: medium;\"><a style=\"color: #3366ff;\" href=\"http:\/\/flygplats.sjoboflyg.se\/wp-content\/uploads\/2009\/10\/R\u00f6da-ladan-ritning-interi\u00f6rt.pdf\" target=\"_blank\" rel=\"noopener noreferrer\">20150226- R\u00f6da ladan ritning interi\u00f6rt<\/a><strong><br \/>\n<\/strong><\/span><\/span><a style=\"color: #3366ff;\" href=\"http:\/\/flygplats.sjoboflyg.se\/wp-content\/uploads\/2009\/10\/2014-\u00e5rskontroll.pdf\"><span style=\"font-size: medium; font-family: trebuchet ms,geneva;\">20140821-Kvitto \u00e5rskontroll 2014<\/span><\/a><span style=\"font-family: trebuchet ms,geneva;\"><span style=\"font-size: medium;\"><a style=\"color: #3366ff;\" href=\"http:\/\/flygplats.sjoboflyg.se\/wp-content\/uploads\/2009\/10\/Kvitto-\u00e5rskontroll-2014.docx\" target=\"_blank\" rel=\"noopener noreferrer\"><strong><br \/>\n<\/strong><\/a><span style=\"font-family: trebuchet ms,geneva; font-size: medium;\"><a style=\"color: #3366ff;\" href=\"http:\/\/flygplats.sjoboflyg.se\/wp-content\/uploads\/2009\/10\/Underh\u00e5llsprotokoll-1406.pdf\" target=\"_blank\" rel=\"noopener noreferrer\">20140624-Presto service brandsl\u00e4ckare<\/a><br \/>\n<a style=\"color: #3366ff;\" href=\"http:\/\/flygplats.sjoboflyg.se\/wp-content\/uploads\/2009\/10\/20130901-arskontroll-Hjelmco.pdf\" target=\"_blank\" rel=\"noopener noreferrer\">20130901-\u00c5rskontroll Hjelmco<\/a><br \/>\n<a style=\"color: #3366ff;\" href=\"http:\/\/flygplats.sjoboflyg.se\/wp-content\/uploads\/2009\/10\/20130709-Presto.pdf\" target=\"_blank\" rel=\"noopener noreferrer\">20130709-Presto service brandsl\u00e4ckare<\/a><a style=\"color: #3366ff;\" href=\"http:\/\/flygplats.sjoboflyg.se\/wp-content\/uploads\/2009\/10\/20121017-Nordisk-m\u00e4tarkontroll-protokoll.pdf\" target=\"_blank\" rel=\"noopener noreferrer\"><br \/>\n20121017-Nordisk m\u00e4tarkontroll<\/a><\/span><br \/>\n<\/span><\/span><span style=\"font-family: trebuchet ms,geneva; font-size: medium;\"><a style=\"color: #3366ff;\" href=\"http:\/\/flygplats.sjoboflyg.se\/wp-content\/uploads\/2009\/10\/20120921-Puls-protokoll.pdf\">20120921-Puls protokoll<\/a><br \/>\n<a style=\"color: #3366ff;\" href=\"http:\/\/flygplats.sjoboflyg.se\/wp-content\/uploads\/2009\/10\/Bransletillstand-t-o-m-20240719.pdf\" target=\"_blank\" rel=\"noopener noreferrer\">20120719-Br\u00e4nsletillst\u00e5nd t o m 20240719<\/a><br \/>\n<a style=\"color: #3366ff;\" href=\"http:\/\/flygplats.sjoboflyg.se\/wp-content\/uploads\/2012\/08\/Presto-service-avtal-brandslackare.pdf\" target=\"_blank\" rel=\"noopener noreferrer\">20120630-Presto service avtal brandsl\u00e4ckare<\/a><br \/>\n<a style=\"color: #3366ff;\" href=\"http:\/\/flygplats.sjoboflyg.se\/wp-content\/uploads\/2012\/08\/Tankanlaggning-arsbesiktning.pdf\" target=\"_blank\" rel=\"noopener noreferrer\">20110901-Tankanl\u00e4ggning \u00e5rsbesiktning<\/a><br \/>\n<a style=\"color: #3366ff;\" href=\"http:\/\/flygplats.sjoboflyg.se\/wp-content\/uploads\/2009\/10\/AVGAS-91-96-och-91-98-MSDS-svensk.pdf\" target=\"_blank\" rel=\"noopener noreferrer\">AVGAS 91-96 och 91-98 MSDS svensk<\/a><\/span><\/span><br \/>\n<span style=\"font-family: trebuchet ms,geneva; font-size: medium; color: #3366ff;\"> <a style=\"color: #3366ff;\" href=\"http:\/\/flygplats.sjoboflyg.se\/wp-content\/uploads\/2009\/10\/Hjelmco-Oil-3010_B_SFK.pdf\" target=\"_blank\" rel=\"noopener noreferrer\">Hjelmco Oil 3010_B_SFK<\/a><\/span><br \/>\n<span style=\"font-family: trebuchet ms,geneva; font-size: medium; color: #3366ff;\"> <a style=\"color: #3366ff;\" href=\"http:\/\/flygplats.sjoboflyg.se\/wp-content\/uploads\/2009\/10\/Hjelmco-Oil-3012_B_SFK.pdf\" target=\"_blank\" rel=\"noopener noreferrer\">Hjelmco Oil 3012_B_SFK<\/a><\/span><br \/>\n<span style=\"font-family: trebuchet ms,geneva; font-size: medium;\"><a href=\"http:\/\/flygplats.sjoboflyg.se\/wp-content\/uploads\/2009\/10\/Klassningshandling-tank.pdf\" target=\"_blank\" rel=\"noopener noreferrer\">Klassningshandling tank<\/a><\/span><br \/>\n<span style=\"font-family: trebuchet ms,geneva; font-size: medium;\"><a href=\"http:\/\/flygplats.sjoboflyg.se\/wp-content\/uploads\/2009\/10\/Drivmedel_bygglov.pdf\" target=\"_blank\" rel=\"noopener noreferrer\">Drivmedel_bygglov t o m 20120928<\/a><\/span><br \/>\n<span style=\"font-family: trebuchet ms,geneva; font-size: medium;\"><a href=\"http:\/\/flygplats.sjoboflyg.se\/wp-content\/uploads\/2009\/10\/Byggnadslov-dieseltank1.pdf\" target=\"_blank\" rel=\"noopener noreferrer\">Byggnadslov dieseltank<\/a><\/span><br \/>\n<span style=\"font-family: trebuchet ms,geneva; font-size: medium;\"><a href=\"http:\/\/flygplats.sjoboflyg.se\/wp-content\/uploads\/2009\/10\/Kursintyg-brandfarliga-varor-Bertil-Svensson.pdf\" target=\"_blank\" rel=\"noopener noreferrer\">Kursintyg brandfarliga varor Bertil Svensson<\/a><br \/>\n<a href=\"http:\/\/flygplats.sjoboflyg.se\/wp-content\/uploads\/2009\/10\/Drivmedlensavsarig_LHolst.pdf\" target=\"_blank\" rel=\"noopener noreferrer\">Drivmedlensavsarig_LHolst<\/a><br \/>\n<a href=\"http:\/\/flygplats.sjoboflyg.se\/wp-content\/uploads\/2009\/10\/Drivmedlensavsarig_NOberg.pdf\" target=\"_blank\" rel=\"noopener noreferrer\">Drivmedlensavsarig_NOberg<\/a><br \/>\n<a href=\"http:\/\/flygplats.sjoboflyg.se\/wp-content\/uploads\/2009\/10\/Kr\u00f6ningsintyg-.pdf\" target=\"_blank\" rel=\"noopener noreferrer\">Kr\u00f6ningsintyg<\/a><br \/>\n<\/span><\/p>\n","protected":false},"excerpt":{"rendered":"<p>Process\u00e4gare: Flygplatschefen Syfte Sammanst\u00e4llning av\u00a0de tillst\u00e5nd som olika delar av driften kr\u00e4ver. Omfattning Allt som r\u00f6r flygplatsomr\u00e5det. Myndighetens Regelverk TSFS 2019_26 TSFS 2012_91 TSFS 2010_123k Flygplatsens driftstillst\u00e5nd\u00a0 20161101- Milj\u00f6skyddsinspektion 20121105- Syd\u00f6stra Sk\u00e5nes R\u00e4ddningstj\u00e4nst, tillsynsprotokoll 20120218- Driftstatusrapport f\u00f6r 2011 20110215-\u00a0Icke Godk\u00e4nd Flygplats 20110116- Driftstatusrapport f\u00f6r 2010 20100306- Driftstatusrapport f\u00f6r 2009 20100128-\u00a0Verksamhetskontroll avslutad 20090611- Rapport Verksamhetskontroll 20090219- [&hellip;]<\/p>\n","protected":false},"author":2,"featured_media":0,"parent":7,"menu_order":5,"comment_status":"closed","ping_status":"closed","template":"page-without-sidebar.php","meta":{"footnotes":""},"class_list":["post-107","page","type-page","status-publish","hentry"],"_links":{"self":[{"href":"https:\/\/flygplats.sjoboflyg.se\/index.php?rest_route=\/wp\/v2\/pages\/107","targetHints":{"allow":["GET"]}}],"collection":[{"href":"https:\/\/flygplats.sjoboflyg.se\/index.php?rest_route=\/wp\/v2\/pages"}],"about":[{"href":"https:\/\/flygplats.sjoboflyg.se\/index.php?rest_route=\/wp\/v2\/types\/page"}],"author":[{"embeddable":true,"href":"https:\/\/flygplats.sjoboflyg.se\/index.php?rest_route=\/wp\/v2\/users\/2"}],"replies":[{"embeddable":true,"href":"https:\/\/flygplats.sjoboflyg.se\/index.php?rest_route=%2Fwp%2Fv2%2Fcomments&post=107"}],"version-history":[{"count":127,"href":"https:\/\/flygplats.sjoboflyg.se\/index.php?rest_route=\/wp\/v2\/pages\/107\/revisions"}],"predecessor-version":[{"id":1511,"href":"https:\/\/flygplats.sjoboflyg.se\/index.php?rest_route=\/wp\/v2\/pages\/107\/revisions\/1511"}],"up":[{"embeddable":true,"href":"https:\/\/flygplats.sjoboflyg.se\/index.php?rest_route=\/wp\/v2\/pages\/7"}],"wp:attachment":[{"href":"https:\/\/flygplats.sjoboflyg.se\/index.php?rest_route=%2Fwp%2Fv2%2Fmedia&parent=107"}],"curies":[{"name":"wp","href":"https:\/\/api.w.org\/{rel}","templated":true}]}}