{"id":188,"date":"2009-10-23T22:05:04","date_gmt":"2009-10-23T20:05:04","guid":{"rendered":"http:\/\/flygplats.sjoboflyg.se\/?page_id=188"},"modified":"2010-02-28T10:52:40","modified_gmt":"2010-02-28T08:52:40","slug":"inspektion","status":"publish","type":"page","link":"https:\/\/flygplats.sjoboflyg.se\/?page_id=188","title":{"rendered":"Inspektion"},"content":{"rendered":"<p><em>Process\u00e4gare: F\u00e4ltgruppen<\/em><\/p>\n<table border=\"0\" align=\"left\">\n<tbody>\n<tr>\n<td><span style=\"font-size: medium;\"><span style=\"font-family: trebuchet ms,geneva;\"><strong>Observation<\/strong><\/span><\/span><\/td>\n<td><span style=\"font-size: medium;\"><span style=\"font-family: trebuchet ms,geneva;\"><strong>\u00c5tg\u00e4rd<\/strong><\/span><\/span><\/td>\n<\/tr>\n<tr>\n<td><span style=\"font-size: medium;\"><span style=\"font-family: trebuchet ms,geneva;\">Finns det mullvadsh\u00f6gar inom omr\u00e5det ?<\/span><\/span><\/td>\n<td><span style=\"font-size: medium;\"><span style=\"font-family: trebuchet ms,geneva;\">Kratta ut h\u00f6garna<br \/>\n<\/span><\/span><\/td>\n<\/tr>\n<tr>\n<td><span style=\"font-size: medium;\"><span style=\"font-family: trebuchet ms,geneva;\">\u00c4r den t\u00e4ta undervegetationen av gr\u00e4s h\u00f6gre \u00e4n<br \/>\n10 cm ? <\/span><\/span><\/td>\n<td><span style=\"font-size: medium;\"><span style=\"font-family: trebuchet ms,geneva;\">Rapportera att det \u00e4r dags f\u00f6r klippning<\/span><\/span><\/td>\n<\/tr>\n<tr>\n<td><span style=\"font-size: medium;\"><span style=\"font-family: trebuchet ms,geneva;\">Finns det andra skador p\u00e5 omr\u00e5det som kan \u00e4ventya flygs\u00e4kerheten ?<\/span><\/span><\/td>\n<td><span style=\"font-size: medium;\"><span style=\"font-family: trebuchet ms,geneva;\">Avl\u00e4gsna fr\u00e4mmande f\u00f6rem\u00e5l, rapportera markskador <\/span><br \/>\n<\/span><\/td>\n<\/tr>\n<tr>\n<td><span style=\"font-size: medium;\"><span style=\"font-family: trebuchet ms,geneva;\">\u00c4r elst\u00e4ngslet intakt ?<br \/>\n<\/span><\/span><\/td>\n<td><span style=\"font-size: medium;\"><span style=\"font-family: trebuchet ms,geneva;\">Reparera skadade delar eller kontakta omg\u00e5ende flygplatschefen eller f\u00e4ltgruppen<\/span><\/span><\/td>\n<\/tr>\n<tr>\n<td>\u00a0<\/td>\n<td><span style=\"font-size: medium;\"><span style=\"font-family: trebuchet ms,geneva;\">Skriv rapport efter avslutad inspektion<\/span><\/span><\/td>\n<\/tr>\n<\/tbody>\n<\/table>\n","protected":false},"excerpt":{"rendered":"<p>Process\u00e4gare: F\u00e4ltgruppen Observation \u00c5tg\u00e4rd Finns det mullvadsh\u00f6gar inom omr\u00e5det ? Kratta ut h\u00f6garna \u00c4r den t\u00e4ta undervegetationen av gr\u00e4s h\u00f6gre \u00e4n 10 cm ? Rapportera att det \u00e4r dags f\u00f6r klippning Finns det andra skador p\u00e5 omr\u00e5det som kan \u00e4ventya flygs\u00e4kerheten ? Avl\u00e4gsna fr\u00e4mmande f\u00f6rem\u00e5l, rapportera markskador \u00c4r elst\u00e4ngslet intakt ? Reparera skadade delar eller [&hellip;]<\/p>\n","protected":false},"author":2,"featured_media":0,"parent":16,"menu_order":0,"comment_status":"closed","ping_status":"closed","template":"page-without-sidebar.php","meta":{"footnotes":""},"class_list":["post-188","page","type-page","status-publish","hentry"],"_links":{"self":[{"href":"https:\/\/flygplats.sjoboflyg.se\/index.php?rest_route=\/wp\/v2\/pages\/188","targetHints":{"allow":["GET"]}}],"collection":[{"href":"https:\/\/flygplats.sjoboflyg.se\/index.php?rest_route=\/wp\/v2\/pages"}],"about":[{"href":"https:\/\/flygplats.sjoboflyg.se\/index.php?rest_route=\/wp\/v2\/types\/page"}],"author":[{"embeddable":true,"href":"https:\/\/flygplats.sjoboflyg.se\/index.php?rest_route=\/wp\/v2\/users\/2"}],"replies":[{"embeddable":true,"href":"https:\/\/flygplats.sjoboflyg.se\/index.php?rest_route=%2Fwp%2Fv2%2Fcomments&post=188"}],"version-history":[{"count":17,"href":"https:\/\/flygplats.sjoboflyg.se\/index.php?rest_route=\/wp\/v2\/pages\/188\/revisions"}],"predecessor-version":[{"id":191,"href":"https:\/\/flygplats.sjoboflyg.se\/index.php?rest_route=\/wp\/v2\/pages\/188\/revisions\/191"}],"up":[{"embeddable":true,"href":"https:\/\/flygplats.sjoboflyg.se\/index.php?rest_route=\/wp\/v2\/pages\/16"}],"wp:attachment":[{"href":"https:\/\/flygplats.sjoboflyg.se\/index.php?rest_route=%2Fwp%2Fv2%2Fmedia&parent=188"}],"curies":[{"name":"wp","href":"https:\/\/api.w.org\/{rel}","templated":true}]}}

<p><em>Processägare: Fältgruppen</em></p>
<table border="0" align="left">
<tbody>
<tr>
<td><span style="font-size: medium;"><span style="font-family: trebuchet ms,geneva;"><strong>Observation</strong></span></span></td>
<td><span style="font-size: medium;"><span style="font-family: trebuchet ms,geneva;"><strong>Åtgärd</strong></span></span></td>
</tr>
<tr>
<td><span style="font-size: medium;"><span style="font-family: trebuchet ms,geneva;">Finns det mullvadshögar inom området ?</span></span></td>
<td><span style="font-size: medium;"><span style="font-family: trebuchet ms,geneva;">Kratta ut högarna<br />
</span></span></td>
</tr>
<tr>
<td><span style="font-size: medium;"><span style="font-family: trebuchet ms,geneva;">Är den täta undervegetationen av gräs högre än<br />
10 cm ? </span></span></td>
<td><span style="font-size: medium;"><span style="font-family: trebuchet ms,geneva;">Rapportera att det är dags för klippning</span></span></td>
</tr>
<tr>
<td><span style="font-size: medium;"><span style="font-family: trebuchet ms,geneva;">Finns det andra skador på området som kan äventya flygsäkerheten ?</span></span></td>
<td><span style="font-size: medium;"><span style="font-family: trebuchet ms,geneva;">Avlägsna främmande föremål, rapportera markskador </span><br />
</span></td>
</tr>
<tr>
<td><span style="font-size: medium;"><span style="font-family: trebuchet ms,geneva;">Är elstängslet intakt ?<br />
</span></span></td>
<td><span style="font-size: medium;"><span style="font-family: trebuchet ms,geneva;">Reparera skadade delar eller kontakta omgående flygplatschefen eller fältgruppen</span></span></td>
</tr>
<tr>
<td> </td>
<td><span style="font-size: medium;"><span style="font-family: trebuchet ms,geneva;">Skriv rapport efter avslutad inspektion</span></span></td>
</tr>
</tbody>
</table>

<p>Processägare: Fältgruppen Observation Åtgärd Finns det mullvadshögar inom området ? Kratta ut högarna Är den täta undervegetationen av gräs högre än 10 cm ? Rapportera att det är dags för klippning Finns det andra skador på området som kan äventya flygsäkerheten ? Avlägsna främmande föremål, rapportera markskador Är elstängslet intakt ? Reparera skadade delar eller [&hellip;]</p>
