{"id":21,"date":"2009-10-14T18:20:18","date_gmt":"2009-10-14T16:20:18","guid":{"rendered":"http:\/\/flygplats.sjoboflyg.se\/?page_id=21"},"modified":"2019-06-15T20:21:35","modified_gmt":"2019-06-15T18:21:35","slug":"martin-testar","status":"publish","type":"page","link":"https:\/\/flygplats.sjoboflyg.se\/?page_id=21","title":{"rendered":"Avtal Sj\u00f6bo kommun"},"content":{"rendered":"<p><em>Process\u00e4gare: Flygplatschefen<br \/>\n<\/em><br \/>\n<span style=\"font-family: trebuchet ms,geneva;\"><span style=\"font-size: medium;\"><strong>Syfte<\/strong><br \/>\n<\/span><span style=\"font-size: medium;\">Klarg\u00f6ra det totala driftsansvaret vid Sj\u00f6bo-S\u00f6vde flygplats<\/span><\/span><\/p>\n<p><span style=\"font-family: trebuchet ms,geneva;\"><span style=\"font-size: medium;\"><strong>Omfattning<\/strong><br \/>\n<\/span><span style=\"font-size: medium;\">Enligt bifogat avtal<\/span><\/span><\/p>\n<p><span style=\"font-size: medium;\"><span style=\"font-family: trebuchet ms,geneva;\"><strong>Ansvarsf\u00f6rdelning<\/strong><br \/>\n<\/span><\/span><span style=\"font-family: trebuchet ms,geneva;\"><span style=\"font-size: medium;\">Enligt bifogade dokument \u00f6verl\u00e4mnar Sj\u00f6bo kommun som \u00e4gare av Sj\u00f6bo-S\u00f6vde flygplats driftsansvaret till Sj\u00f6bo Flygklubb.<br \/>\nEnligt \u00a710 i Sj\u00f6bo Flygklubbs stadgar (val av befattningshavare) utser ordinarie \u00e5rsm\u00f6te flygplatschef<\/span>.<\/span><\/p>\n<p><a href=\"http:\/\/flygplats.sjoboflyg.se\/wp-content\/uploads\/2009\/10\/Kommunstyrelseavtal-med-klubbarna.pdf\" target=\"_blank\" rel=\"noopener\"><span style=\"font-family: trebuchet ms,geneva;\"><span style=\"font-size: medium;\">Kommunstyrelseavtal med klubbarna<\/span><\/span><\/a><\/p>\n<p><a href=\"http:\/\/flygplats.sjoboflyg.se\/wp-content\/uploads\/2019\/06\/F\u00f6rs\u00e4kran-om-framtida-arrende-f\u00f6r-S\u00f6vde-flygf\u00e4lt.pdf\">F\u00f6rs\u00e4kran om framtida arrende f\u00f6r S\u00f6vde flygf\u00e4lt Beslut TKN 2019-06-04F\u00f6rs\u00e4kran om framtida arrende f\u00f6r Sj\u00f6bo S\u00f6vde <\/a><\/p>\n<p><a href=\"http:\/\/flygplats.sjoboflyg.se\/wp-content\/uploads\/2019\/06\/F\u00f6rs\u00e4kran-om-framtida-arrende-f\u00f6r-S\u00f6vde-flygf\u00e4lt.pdf\">flygplats<\/a><\/p>\n<p><a href=\"http:\/\/flygplats.sjoboflyg.se\/wp-content\/uploads\/2019\/06\/Beslut-TKN-2019-06-04F\u00f6rs\u00e4kran-om-framtida-arrende-f\u00f6r-Sj\u00f6bo-S\u00f6vde-flygplats.pdf\">Beslut TKN 2019-06-04F\u00f6rs\u00e4kran om framtida arrende f\u00f6r Sj\u00f6bo S\u00f6vde flygplats<\/a><\/p>\n","protected":false},"excerpt":{"rendered":"<p>Process\u00e4gare: Flygplatschefen Syfte Klarg\u00f6ra det totala driftsansvaret vid Sj\u00f6bo-S\u00f6vde flygplats Omfattning Enligt bifogat avtal Ansvarsf\u00f6rdelning Enligt bifogade dokument \u00f6verl\u00e4mnar Sj\u00f6bo kommun som \u00e4gare av Sj\u00f6bo-S\u00f6vde flygplats driftsansvaret till Sj\u00f6bo Flygklubb. Enligt \u00a710 i Sj\u00f6bo Flygklubbs stadgar (val av befattningshavare) utser ordinarie \u00e5rsm\u00f6te flygplatschef. Kommunstyrelseavtal med klubbarna F\u00f6rs\u00e4kran om framtida arrende f\u00f6r S\u00f6vde flygf\u00e4lt Beslut TKN [&hellip;]<\/p>\n","protected":false},"author":2,"featured_media":0,"parent":7,"menu_order":2,"comment_status":"closed","ping_status":"closed","template":"page-without-sidebar.php","meta":{"footnotes":""},"class_list":["post-21","page","type-page","status-publish","hentry"],"_links":{"self":[{"href":"https:\/\/flygplats.sjoboflyg.se\/index.php?rest_route=\/wp\/v2\/pages\/21","targetHints":{"allow":["GET"]}}],"collection":[{"href":"https:\/\/flygplats.sjoboflyg.se\/index.php?rest_route=\/wp\/v2\/pages"}],"about":[{"href":"https:\/\/flygplats.sjoboflyg.se\/index.php?rest_route=\/wp\/v2\/types\/page"}],"author":[{"embeddable":true,"href":"https:\/\/flygplats.sjoboflyg.se\/index.php?rest_route=\/wp\/v2\/users\/2"}],"replies":[{"embeddable":true,"href":"https:\/\/flygplats.sjoboflyg.se\/index.php?rest_route=%2Fwp%2Fv2%2Fcomments&post=21"}],"version-history":[{"count":35,"href":"https:\/\/flygplats.sjoboflyg.se\/index.php?rest_route=\/wp\/v2\/pages\/21\/revisions"}],"predecessor-version":[{"id":1397,"href":"https:\/\/flygplats.sjoboflyg.se\/index.php?rest_route=\/wp\/v2\/pages\/21\/revisions\/1397"}],"up":[{"embeddable":true,"href":"https:\/\/flygplats.sjoboflyg.se\/index.php?rest_route=\/wp\/v2\/pages\/7"}],"wp:attachment":[{"href":"https:\/\/flygplats.sjoboflyg.se\/index.php?rest_route=%2Fwp%2Fv2%2Fmedia&parent=21"}],"curies":[{"name":"wp","href":"https:\/\/api.w.org\/{rel}","templated":true}]}}

Avtal Sjöbo kommun

<p><em>Processägare: Flygplatschefen<br />
</em><br />
<span style="font-family: trebuchet ms,geneva;"><span style="font-size: medium;"><strong>Syfte</strong><br />
</span><span style="font-size: medium;">Klargöra det totala driftsansvaret vid Sjöbo-Sövde flygplats</span></span></p>
<p><span style="font-family: trebuchet ms,geneva;"><span style="font-size: medium;"><strong>Omfattning</strong><br />
</span><span style="font-size: medium;">Enligt bifogat avtal</span></span></p>
<p><span style="font-size: medium;"><span style="font-family: trebuchet ms,geneva;"><strong>Ansvarsfördelning</strong><br />
</span></span><span style="font-family: trebuchet ms,geneva;"><span style="font-size: medium;">Enligt bifogade dokument överlämnar Sjöbo kommun som ägare av Sjöbo-Sövde flygplats driftsansvaret till Sjöbo Flygklubb.<br />
Enligt §10 i Sjöbo Flygklubbs stadgar (val av befattningshavare) utser ordinarie årsmöte flygplatschef</span>.</span></p>
<p><a href="http://flygplats.sjoboflyg.se/wp-content/uploads/2009/10/Kommunstyrelseavtal-med-klubbarna.pdf" target="_blank" rel="noopener"><span style="font-family: trebuchet ms,geneva;"><span style="font-size: medium;">Kommunstyrelseavtal med klubbarna</span></span></a></p>
<p><a href="http://flygplats.sjoboflyg.se/wp-content/uploads/2019/06/Försäkran-om-framtida-arrende-för-Sövde-flygfält.pdf">Försäkran om framtida arrende för Sövde flygfält Beslut TKN 2019-06-04Försäkran om framtida arrende för Sjöbo Sövde </a></p>
<p><a href="http://flygplats.sjoboflyg.se/wp-content/uploads/2019/06/Försäkran-om-framtida-arrende-för-Sövde-flygfält.pdf">flygplats</a></p>
<p><a href="http://flygplats.sjoboflyg.se/wp-content/uploads/2019/06/Beslut-TKN-2019-06-04Försäkran-om-framtida-arrende-för-Sjöbo-Sövde-flygplats.pdf">Beslut TKN 2019-06-04Försäkran om framtida arrende för Sjöbo Sövde flygplats</a></p>

<p>Processägare: Flygplatschefen Syfte Klargöra det totala driftsansvaret vid Sjöbo-Sövde flygplats Omfattning Enligt bifogat avtal Ansvarsfördelning Enligt bifogade dokument överlämnar Sjöbo kommun som ägare av Sjöbo-Sövde flygplats driftsansvaret till Sjöbo Flygklubb. Enligt §10 i Sjöbo Flygklubbs stadgar (val av befattningshavare) utser ordinarie årsmöte flygplatschef. Kommunstyrelseavtal med klubbarna Försäkran om framtida arrende för Sövde flygfält Beslut TKN [&hellip;]</p>
