{"id":250,"date":"2009-10-25T08:40:39","date_gmt":"2009-10-25T06:40:39","guid":{"rendered":"http:\/\/flygplats.sjoboflyg.se\/?page_id=250"},"modified":"2025-06-04T20:27:25","modified_gmt":"2025-06-04T18:27:25","slug":"uppfoljningsmoten","status":"publish","type":"page","link":"https:\/\/flygplats.sjoboflyg.se\/?page_id=250","title":{"rendered":"Uppf\u00f6ljning"},"content":{"rendered":"<p><span style=\"font-family: trebuchet ms,geneva;\"><span style=\"font-size: medium;\"><em><span style=\"font-size: small;\">Rapportmiljoskyddsinspektion_619317Process\u00e4gare: Flygplatschefen<\/span><\/em><\/span><\/span><\/p>\n<p><span style=\"color: #3366ff;\"><span style=\"font-size: medium;\"><strong><span style=\"font-family: trebuchet ms,geneva;\">Protokoll och rapporter r\u00f6rande flygplatsen<\/span><\/strong><\/span><\/span><\/p>\n<p><a href=\"http:\/\/flygplats.sjoboflyg.se\/wp-content\/uploads\/2025\/06\/Miljoskydd_2025.pdf\">Milj\u00f6inspektion 2025<\/a><\/p>\n<p><strong><a href=\"http:\/\/flygplats.sjoboflyg.se\/wp-content\/uploads\/2024\/10\/F\u00e4ltm\u00f6te-ESMI-2024.pdf\">F\u00e4ltm\u00f6te ESMI 2024<\/a><br \/>\n<a href=\"http:\/\/flygplats.sjoboflyg.se\/wp-content\/uploads\/2024\/06\/Rapportmiljoskyddsinspektion_567102.pdf\">Miljoskyddsinspektion 2024<\/a><br \/>\n<a href=\"http:\/\/flygplats.sjoboflyg.se\/wp-content\/uploads\/2023\/05\/Protokoll-Flygf\u00e4ltsm\u00f6te-ESMI-2023-04-29.pdf\">Protokoll Flygf\u00e4ltsm\u00f6te ESMI 2023-04-29<\/a><\/strong><strong><a href=\"http:\/\/flygplats.sjoboflyg.se\/wp-content\/uploads\/2023\/03\/Inspektion-2022-11-10.pdf\">Milj\u00f6inspektion<\/a> 2022-11-10<br \/>\n<a href=\"http:\/\/flygplats.sjoboflyg.se\/wp-content\/uploads\/2022\/07\/20220703-Flygplatsm\u00f6te-1.pdf\">2022-07-03 Flygplatsm\u00f6te<\/a><br \/>\n<a href=\"http:\/\/flygplats.sjoboflyg.se\/wp-content\/uploads\/2021\/03\/F\u00e4ltm\u00f6te-20210327.doc\">2021-03-27 ESMI F\u00e4ltm\u00f6te<\/a><br \/>\n<a href=\"http:\/\/flygplats.sjoboflyg.se\/wp-content\/uploads\/2020\/09\/2020-\u00e5rskontroll.pdf\">2020-Milj\u00f6inspektion<\/a><br \/>\n<a href=\"http:\/\/flygplats.sjoboflyg.se\/wp-content\/uploads\/2020\/07\/2020-06-09-ESMI-Flygf\u00e4ltsm\u00f6te.pdf\">2020-06-09 ESMI Flygf\u00e4ltsm\u00f6te<\/a><br \/>\n<a href=\"http:\/\/flygplats.sjoboflyg.se\/wp-content\/uploads\/2018\/11\/Milj\u00f6inspektion-2018-2R.pdf\">20181108-Milj\u00f6inspektion<\/a><br \/>\n20180<a href=\"http:\/\/flygplats.sjoboflyg.se\/wp-content\/uploads\/2018\/03\/20180325_-ESMI_f\u00e4ltm\u00f6te.pdf\">325-Flygplatsm\u00f6te<\/a><br \/>\n<a href=\"http:\/\/flygplats.sjoboflyg.se\/wp-content\/uploads\/2009\/10\/20170408-Flygplatsm\u00f6te.pdf\" target=\"_blank\" rel=\"noopener\">20170408-Flygplatsm\u00f6te<\/a><\/strong><br \/>\n<a href=\"http:\/\/flygplats.sjoboflyg.se\/wp-content\/uploads\/2009\/10\/20160409-Flygplatsm\u00f6te-ESMI.pdf\" target=\"_blank\" rel=\"noopener\"><strong>20160409-Flygplatsm\u00f6te ESMI<\/strong><\/a><a href=\"http:\/\/flygplats.sjoboflyg.se\/wp-content\/uploads\/2009\/10\/20150328-Flygplatsm\u00f6te-ESMI.pdf\" target=\"_blank\" rel=\"noopener\"><br \/>\n<span style=\"font-family: trebuchet ms,geneva; font-size: medium;\">20150328-Flygplatsm\u00f6te ESMI<br \/>\n<\/span><\/a><a href=\"http:\/\/flygplats.sjoboflyg.se\/wp-content\/uploads\/2009\/10\/20140503-Flygplatsm\u00f6te-ESMI.pdf\" target=\"_blank\" rel=\"noopener\"><span style=\"font-family: trebuchet ms,geneva; font-size: medium;\">20140503-Flygplatsm\u00f6te ESMI<\/span><\/a><a href=\"http:\/\/flygplats.sjoboflyg.se\/wp-content\/uploads\/2009\/10\/20140208-Flygplatsm\u00f6te-ESMI.pdf\" target=\"_blank\" rel=\"noopener\"><span style=\"font-family: trebuchet ms,geneva; font-size: medium;\"><br \/>\n20140208-Flygplatsm\u00f6te ESMI<\/span><\/a><span style=\"font-family: trebuchet ms,geneva; font-size: medium;\"><br \/>\n2<a href=\"http:\/\/flygplats.sjoboflyg.se\/wp-content\/uploads\/2009\/10\/20131109-Flygplatsm\u00f6te-ESMI.pdf\" target=\"_blank\" rel=\"noopener\">0131109-Flygplatsm\u00f6te ESMI<\/a><br \/>\n<\/span><a href=\"http:\/\/flygplats.sjoboflyg.se\/wp-content\/uploads\/2009\/10\/20130523-Flygplatsm\u00f6te-ESMI.pdf\" target=\"_blank\" rel=\"noopener\"><span style=\"font-family: trebuchet ms,geneva; font-size: medium;\">20130523-Flygplatsm\u00f6te ESMI<\/span><\/a><br \/>\n<a href=\"http:\/\/flygplats.sjoboflyg.se\/wp-content\/uploads\/2009\/10\/Mote-ang-bullerproblem-protokoll-2012-08-08-v2.pdf\" target=\"_blank\" rel=\"noopener\"><span style=\"font-family: trebuchet ms,geneva; font-size: medium;\"> 20120808-M\u00f6te ang bullerproblem, protokoll 2012-08-08 (v2)<\/span><\/a><br \/>\n<span style=\"font-family: trebuchet ms,geneva; font-size: medium;\"> <a href=\"http:\/\/flygplats.sjoboflyg.se\/wp-content\/uploads\/2009\/10\/Miljoinspektion-Gyrokopter-bullermatning.pdf\" target=\"_blank\" rel=\"noopener\">20120802-Milj\u00f6inspektion Gyrokopter bullerm\u00e4tning<\/a><br \/>\n<\/span><a href=\"http:\/\/flygplats.sjoboflyg.se\/wp-content\/uploads\/2009\/10\/20120218-Flygplatsm\u00f6te-ESMI.pdf\" target=\"_blank\" rel=\"noopener\"><span style=\"font-size: medium;\"><span style=\"font-family: trebuchet ms,geneva;\"><span style=\"font-size: medium;\"><span style=\"font-family: trebuchet ms,geneva;\">20120218-Flygplatsm\u00f6te ESMI<\/span><\/span><\/span><\/span><span style=\"font-size: medium;\"><span style=\"font-family: trebuchet ms,geneva;\"><span style=\"font-size: medium;\"><span style=\"font-family: trebuchet ms,geneva;\"><br \/>\n<\/span><\/span><\/span><\/span><\/a><a href=\"http:\/\/flygplats.sjoboflyg.se\/wp-content\/uploads\/2009\/10\/20110525-Flygplatsm\u00f6te-ESMI.pdf\" target=\"_blank\" rel=\"noopener\"><span style=\"font-size: medium;\"><span style=\"font-family: trebuchet ms,geneva;\"><span style=\"font-size: medium;\"><span style=\"font-family: trebuchet ms,geneva;\">20110525-Flygplatsm\u00f6te ESMI<\/span><\/span><\/span><\/span><\/a><span style=\"font-size: medium;\"><span style=\"font-family: trebuchet ms,geneva;\"><span style=\"font-size: medium;\"><span style=\"font-family: trebuchet ms,geneva;\"><br \/>\n<\/span><\/span><\/span><\/span><span style=\"font-size: medium;\"><span style=\"font-family: trebuchet ms,geneva;\"><span style=\"font-size: medium;\"><span style=\"font-family: trebuchet ms,geneva;\"><a href=\"http:\/\/flygplats.sjoboflyg.se\/wp-content\/uploads\/2009\/10\/Noteringar-flygplatsmote-20101207.pdf\" target=\"_blank\" rel=\"noopener\">20101207-Flygplatsm\u00f6te ESMI<\/a><br \/>\n<a href=\"http:\/\/flygplats.sjoboflyg.se\/wp-content\/uploads\/2009\/10\/TSFS-2010-123-4-Regler-icke-godk-flygplatser2.pdf\" target=\"_blank\" rel=\"noopener\">20101206-TSFS 2010:123-4 Regler icke godk flygplatser<\/a><br \/>\n<\/span><\/span><\/span><\/span><span style=\"font-size: medium;\"><span style=\"font-family: trebuchet ms,geneva;\"><span style=\"font-size: medium;\"><span style=\"font-family: trebuchet ms,geneva;\"><a href=\"http:\/\/flygplats.sjoboflyg.se\/wp-content\/uploads\/2009\/10\/20100817-Nya-regler-flygplatser.pdf\" target=\"_blank\" rel=\"noopener\">20100817-Nya regler flygplatser<\/a><br \/>\n<a href=\"http:\/\/flygplats.sjoboflyg.se\/wp-content\/uploads\/2009\/10\/20100703-Placering-vindstrut.pdf\" target=\"_blank\" rel=\"noopener\">20100703-Placering vindstrut<\/a><br \/>\n<a href=\"http:\/\/flygplats.sjoboflyg.se\/wp-content\/uploads\/2009\/10\/20100422-Flygplatsm\u00f6te-ESMI.pdf\" target=\"_blank\" rel=\"noopener\">20100422-Flygplatsm\u00f6te ESMI<\/a><br \/>\n<\/span><\/span><\/span><\/span><span style=\"font-size: medium;\"><span style=\"font-family: trebuchet ms,geneva;\"><a href=\"http:\/\/flygplats.sjoboflyg.se\/wp-content\/uploads\/2009\/10\/20100111-Milj\u00f6skyddsinspektion.pdf\" target=\"_blank\" rel=\"noopener\">20100111-Milj\u00f6skyddsinspektion<\/a><br \/>\n<a href=\"http:\/\/flygplats.sjoboflyg.se\/wp-content\/uploads\/2009\/10\/20091218-Driftstatusrapport-TSL-2009-7684-bil-1-42.pdf\">20091218-Driftstatusrapport &#8211; TSL 2009-7684-bil 1-4<\/a><br \/>\n<\/span><\/span><a href=\"http:\/\/flygplats.sjoboflyg.se\/wp-content\/uploads\/2009\/10\/20090803-Namn\u00e4ndring-AIP1.pdf\" target=\"_blank\" rel=\"noopener\"><span style=\"font-family: trebuchet ms,geneva;\"><span style=\"font-size: medium;\">20090803-Namn\u00e4ndring AIP<\/span><\/span><\/a><br \/>\n<a href=\"http:\/\/flygplats.sjoboflyg.se\/wp-content\/uploads\/2009\/10\/20090707-Krav-p\u00e5-hinderfrihet.pdf\"><span style=\"font-family: trebuchet ms,geneva;\"><span style=\"font-size: medium;\">20090707-Krav-p\u00e5-hinderfrihet.pdf<\/span><\/span><\/a><br \/>\n<a href=\"http:\/\/flygplats.sjoboflyg.se\/wp-content\/uploads\/2009\/10\/20090615-Tillst-f-reflexer-p-bankoner.pdf\" target=\"_blank\" rel=\"noopener\"><span style=\"font-size: medium;\"><span style=\"font-family: trebuchet ms,geneva;\">20090615-Tillst f\u00f6r reflexer p\u00e5 bankoner<\/span><\/span><\/a><br \/>\n<a href=\"http:\/\/flygplats.sjoboflyg.se\/wp-content\/uploads\/2009\/10\/20090520-Ans\u00f6kanTransportstyrelsen-Reflexmarkering1.pdf\" target=\"_blank\" rel=\"noopener\"><span style=\"font-family: trebuchet ms,geneva;\"><span style=\"font-size: medium;\">20090520-Ans\u00f6kanTransportstyrelsen Reflexmarkering<\/span><\/span><\/a><\/p>\n","protected":false},"excerpt":{"rendered":"<p>Rapportmiljoskyddsinspektion_619317Process\u00e4gare: Flygplatschefen Protokoll och rapporter r\u00f6rande flygplatsen Milj\u00f6inspektion 2025 F\u00e4ltm\u00f6te ESMI 2024 Miljoskyddsinspektion 2024 Protokoll Flygf\u00e4ltsm\u00f6te ESMI 2023-04-29Milj\u00f6inspektion 2022-11-10 2022-07-03 Flygplatsm\u00f6te 2021-03-27 ESMI F\u00e4ltm\u00f6te 2020-Milj\u00f6inspektion 2020-06-09 ESMI Flygf\u00e4ltsm\u00f6te 20181108-Milj\u00f6inspektion 20180325-Flygplatsm\u00f6te 20170408-Flygplatsm\u00f6te 20160409-Flygplatsm\u00f6te ESMI 20150328-Flygplatsm\u00f6te ESMI 20140503-Flygplatsm\u00f6te ESMI 20140208-Flygplatsm\u00f6te ESMI 20131109-Flygplatsm\u00f6te ESMI 20130523-Flygplatsm\u00f6te ESMI 20120808-M\u00f6te ang bullerproblem, protokoll 2012-08-08 (v2) 20120802-Milj\u00f6inspektion Gyrokopter bullerm\u00e4tning 20120218-Flygplatsm\u00f6te ESMI 20110525-Flygplatsm\u00f6te [&hellip;]<\/p>\n","protected":false},"author":2,"featured_media":0,"parent":0,"menu_order":0,"comment_status":"closed","ping_status":"closed","template":"page-without-sidebar.php","meta":{"footnotes":""},"class_list":["post-250","page","type-page","status-publish","hentry"],"_links":{"self":[{"href":"https:\/\/flygplats.sjoboflyg.se\/index.php?rest_route=\/wp\/v2\/pages\/250","targetHints":{"allow":["GET"]}}],"collection":[{"href":"https:\/\/flygplats.sjoboflyg.se\/index.php?rest_route=\/wp\/v2\/pages"}],"about":[{"href":"https:\/\/flygplats.sjoboflyg.se\/index.php?rest_route=\/wp\/v2\/types\/page"}],"author":[{"embeddable":true,"href":"https:\/\/flygplats.sjoboflyg.se\/index.php?rest_route=\/wp\/v2\/users\/2"}],"replies":[{"embeddable":true,"href":"https:\/\/flygplats.sjoboflyg.se\/index.php?rest_route=%2Fwp%2Fv2%2Fcomments&post=250"}],"version-history":[{"count":158,"href":"https:\/\/flygplats.sjoboflyg.se\/index.php?rest_route=\/wp\/v2\/pages\/250\/revisions"}],"predecessor-version":[{"id":1520,"href":"https:\/\/flygplats.sjoboflyg.se\/index.php?rest_route=\/wp\/v2\/pages\/250\/revisions\/1520"}],"wp:attachment":[{"href":"https:\/\/flygplats.sjoboflyg.se\/index.php?rest_route=%2Fwp%2Fv2%2Fmedia&parent=250"}],"curies":[{"name":"wp","href":"https:\/\/api.w.org\/{rel}","templated":true}]}}

Uppföljning

<p><span style="font-family: trebuchet ms,geneva;"><span style="font-size: medium;"><em><span style="font-size: small;">Rapportmiljoskyddsinspektion_619317Processägare: Flygplatschefen</span></em></span></span></p>
<p><span style="color: #3366ff;"><span style="font-size: medium;"><strong><span style="font-family: trebuchet ms,geneva;">Protokoll och rapporter rörande flygplatsen</span></strong></span></span></p>
<p><a href="http://flygplats.sjoboflyg.se/wp-content/uploads/2025/06/Miljoskydd_2025.pdf">Miljöinspektion 2025</a></p>
<p><strong><a href="http://flygplats.sjoboflyg.se/wp-content/uploads/2024/10/Fältmöte-ESMI-2024.pdf">Fältmöte ESMI 2024</a><br />
<a href="http://flygplats.sjoboflyg.se/wp-content/uploads/2024/06/Rapportmiljoskyddsinspektion_567102.pdf">Miljoskyddsinspektion 2024</a><br />
<a href="http://flygplats.sjoboflyg.se/wp-content/uploads/2023/05/Protokoll-Flygfältsmöte-ESMI-2023-04-29.pdf">Protokoll Flygfältsmöte ESMI 2023-04-29</a></strong><strong><a href="http://flygplats.sjoboflyg.se/wp-content/uploads/2023/03/Inspektion-2022-11-10.pdf">Miljöinspektion</a> 2022-11-10<br />
<a href="http://flygplats.sjoboflyg.se/wp-content/uploads/2022/07/20220703-Flygplatsmöte-1.pdf">2022-07-03 Flygplatsmöte</a><br />
<a href="http://flygplats.sjoboflyg.se/wp-content/uploads/2021/03/Fältmöte-20210327.doc">2021-03-27 ESMI Fältmöte</a><br />
<a href="http://flygplats.sjoboflyg.se/wp-content/uploads/2020/09/2020-årskontroll.pdf">2020-Miljöinspektion</a><br />
<a href="http://flygplats.sjoboflyg.se/wp-content/uploads/2020/07/2020-06-09-ESMI-Flygfältsmöte.pdf">2020-06-09 ESMI Flygfältsmöte</a><br />
<a href="http://flygplats.sjoboflyg.se/wp-content/uploads/2018/11/Miljöinspektion-2018-2R.pdf">20181108-Miljöinspektion</a><br />
20180<a href="http://flygplats.sjoboflyg.se/wp-content/uploads/2018/03/20180325_-ESMI_fältmöte.pdf">325-Flygplatsmöte</a><br />
<a href="http://flygplats.sjoboflyg.se/wp-content/uploads/2009/10/20170408-Flygplatsmöte.pdf" target="_blank" rel="noopener">20170408-Flygplatsmöte</a></strong><br />
<a href="http://flygplats.sjoboflyg.se/wp-content/uploads/2009/10/20160409-Flygplatsmöte-ESMI.pdf" target="_blank" rel="noopener"><strong>20160409-Flygplatsmöte ESMI</strong></a><a href="http://flygplats.sjoboflyg.se/wp-content/uploads/2009/10/20150328-Flygplatsmöte-ESMI.pdf" target="_blank" rel="noopener"><br />
<span style="font-family: trebuchet ms,geneva; font-size: medium;">20150328-Flygplatsmöte ESMI<br />
</span></a><a href="http://flygplats.sjoboflyg.se/wp-content/uploads/2009/10/20140503-Flygplatsmöte-ESMI.pdf" target="_blank" rel="noopener"><span style="font-family: trebuchet ms,geneva; font-size: medium;">20140503-Flygplatsmöte ESMI</span></a><a href="http://flygplats.sjoboflyg.se/wp-content/uploads/2009/10/20140208-Flygplatsmöte-ESMI.pdf" target="_blank" rel="noopener"><span style="font-family: trebuchet ms,geneva; font-size: medium;"><br />
20140208-Flygplatsmöte ESMI</span></a><span style="font-family: trebuchet ms,geneva; font-size: medium;"><br />
2<a href="http://flygplats.sjoboflyg.se/wp-content/uploads/2009/10/20131109-Flygplatsmöte-ESMI.pdf" target="_blank" rel="noopener">0131109-Flygplatsmöte ESMI</a><br />
</span><a href="http://flygplats.sjoboflyg.se/wp-content/uploads/2009/10/20130523-Flygplatsmöte-ESMI.pdf" target="_blank" rel="noopener"><span style="font-family: trebuchet ms,geneva; font-size: medium;">20130523-Flygplatsmöte ESMI</span></a><br />
<a href="http://flygplats.sjoboflyg.se/wp-content/uploads/2009/10/Mote-ang-bullerproblem-protokoll-2012-08-08-v2.pdf" target="_blank" rel="noopener"><span style="font-family: trebuchet ms,geneva; font-size: medium;"> 20120808-Möte ang bullerproblem, protokoll 2012-08-08 (v2)</span></a><br />
<span style="font-family: trebuchet ms,geneva; font-size: medium;"> <a href="http://flygplats.sjoboflyg.se/wp-content/uploads/2009/10/Miljoinspektion-Gyrokopter-bullermatning.pdf" target="_blank" rel="noopener">20120802-Miljöinspektion Gyrokopter bullermätning</a><br />
</span><a href="http://flygplats.sjoboflyg.se/wp-content/uploads/2009/10/20120218-Flygplatsmöte-ESMI.pdf" target="_blank" rel="noopener"><span style="font-size: medium;"><span style="font-family: trebuchet ms,geneva;"><span style="font-size: medium;"><span style="font-family: trebuchet ms,geneva;">20120218-Flygplatsmöte ESMI</span></span></span></span><span style="font-size: medium;"><span style="font-family: trebuchet ms,geneva;"><span style="font-size: medium;"><span style="font-family: trebuchet ms,geneva;"><br />
</span></span></span></span></a><a href="http://flygplats.sjoboflyg.se/wp-content/uploads/2009/10/20110525-Flygplatsmöte-ESMI.pdf" target="_blank" rel="noopener"><span style="font-size: medium;"><span style="font-family: trebuchet ms,geneva;"><span style="font-size: medium;"><span style="font-family: trebuchet ms,geneva;">20110525-Flygplatsmöte ESMI</span></span></span></span></a><span style="font-size: medium;"><span style="font-family: trebuchet ms,geneva;"><span style="font-size: medium;"><span style="font-family: trebuchet ms,geneva;"><br />
</span></span></span></span><span style="font-size: medium;"><span style="font-family: trebuchet ms,geneva;"><span style="font-size: medium;"><span style="font-family: trebuchet ms,geneva;"><a href="http://flygplats.sjoboflyg.se/wp-content/uploads/2009/10/Noteringar-flygplatsmote-20101207.pdf" target="_blank" rel="noopener">20101207-Flygplatsmöte ESMI</a><br />
<a href="http://flygplats.sjoboflyg.se/wp-content/uploads/2009/10/TSFS-2010-123-4-Regler-icke-godk-flygplatser2.pdf" target="_blank" rel="noopener">20101206-TSFS 2010:123-4 Regler icke godk flygplatser</a><br />
</span></span></span></span><span style="font-size: medium;"><span style="font-family: trebuchet ms,geneva;"><span style="font-size: medium;"><span style="font-family: trebuchet ms,geneva;"><a href="http://flygplats.sjoboflyg.se/wp-content/uploads/2009/10/20100817-Nya-regler-flygplatser.pdf" target="_blank" rel="noopener">20100817-Nya regler flygplatser</a><br />
<a href="http://flygplats.sjoboflyg.se/wp-content/uploads/2009/10/20100703-Placering-vindstrut.pdf" target="_blank" rel="noopener">20100703-Placering vindstrut</a><br />
<a href="http://flygplats.sjoboflyg.se/wp-content/uploads/2009/10/20100422-Flygplatsmöte-ESMI.pdf" target="_blank" rel="noopener">20100422-Flygplatsmöte ESMI</a><br />
</span></span></span></span><span style="font-size: medium;"><span style="font-family: trebuchet ms,geneva;"><a href="http://flygplats.sjoboflyg.se/wp-content/uploads/2009/10/20100111-Miljöskyddsinspektion.pdf" target="_blank" rel="noopener">20100111-Miljöskyddsinspektion</a><br />
<a href="http://flygplats.sjoboflyg.se/wp-content/uploads/2009/10/20091218-Driftstatusrapport-TSL-2009-7684-bil-1-42.pdf">20091218-Driftstatusrapport &#8211; TSL 2009-7684-bil 1-4</a><br />
</span></span><a href="http://flygplats.sjoboflyg.se/wp-content/uploads/2009/10/20090803-Namnändring-AIP1.pdf" target="_blank" rel="noopener"><span style="font-family: trebuchet ms,geneva;"><span style="font-size: medium;">20090803-Namnändring AIP</span></span></a><br />
<a href="http://flygplats.sjoboflyg.se/wp-content/uploads/2009/10/20090707-Krav-på-hinderfrihet.pdf"><span style="font-family: trebuchet ms,geneva;"><span style="font-size: medium;">20090707-Krav-på-hinderfrihet.pdf</span></span></a><br />
<a href="http://flygplats.sjoboflyg.se/wp-content/uploads/2009/10/20090615-Tillst-f-reflexer-p-bankoner.pdf" target="_blank" rel="noopener"><span style="font-size: medium;"><span style="font-family: trebuchet ms,geneva;">20090615-Tillst för reflexer på bankoner</span></span></a><br />
<a href="http://flygplats.sjoboflyg.se/wp-content/uploads/2009/10/20090520-AnsökanTransportstyrelsen-Reflexmarkering1.pdf" target="_blank" rel="noopener"><span style="font-family: trebuchet ms,geneva;"><span style="font-size: medium;">20090520-AnsökanTransportstyrelsen Reflexmarkering</span></span></a></p>

<p>Rapportmiljoskyddsinspektion_619317Processägare: Flygplatschefen Protokoll och rapporter rörande flygplatsen Miljöinspektion 2025 Fältmöte ESMI 2024 Miljoskyddsinspektion 2024 Protokoll Flygfältsmöte ESMI 2023-04-29Miljöinspektion 2022-11-10 2022-07-03 Flygplatsmöte 2021-03-27 ESMI Fältmöte 2020-Miljöinspektion 2020-06-09 ESMI Flygfältsmöte 20181108-Miljöinspektion 20180325-Flygplatsmöte 20170408-Flygplatsmöte 20160409-Flygplatsmöte ESMI 20150328-Flygplatsmöte ESMI 20140503-Flygplatsmöte ESMI 20140208-Flygplatsmöte ESMI 20131109-Flygplatsmöte ESMI 20130523-Flygplatsmöte ESMI 20120808-Möte ang bullerproblem, protokoll 2012-08-08 (v2) 20120802-Miljöinspektion Gyrokopter bullermätning 20120218-Flygplatsmöte ESMI 20110525-Flygplatsmöte [&hellip;]</p>
