{"id":37,"date":"2009-10-18T16:20:53","date_gmt":"2009-10-18T14:20:53","guid":{"rendered":"http:\/\/flygplats.sjoboflyg.se\/?page_id=37"},"modified":"2009-11-29T17:29:37","modified_gmt":"2009-11-29T15:29:37","slug":"avtal-malmo-segelflygklubb-msfk","status":"publish","type":"page","link":"https:\/\/flygplats.sjoboflyg.se\/?page_id=37","title":{"rendered":"Driftsavtal med Malm\u00f6 Segelflygklubb MSFK"},"content":{"rendered":"<p><em>Process\u00e4gare: Flygplatschefen<br \/>\n<\/em><\/p>\n<p><span style=\"font-family: trebuchet ms,geneva;\"><span style=\"font-size: medium;\"><strong>Syfte<\/strong><br \/>\n<\/span><span style=\"font-size: medium;\">Fastst\u00e4lla ansvarsf\u00f6rdelning r\u00f6rande drift och underh\u00e5ll av segelflygstr\u00e5ket vid Sj\u00f6bo-S\u00f6vde flygplats. <\/span><\/span><\/p>\n<p><span style=\"font-family: trebuchet ms,geneva;\"><span style=\"font-size: medium;\"><strong>Omfattning<\/strong><br \/>\n<\/span><span style=\"font-size: medium;\">Enligt bifogat avtal<\/span><\/span><\/p>\n<p><span style=\"font-family: trebuchet ms,geneva;\"><span style=\"font-size: medium;\"><strong>Ansvarsf\u00f6rdelning<\/strong><br \/>\n<\/span><span style=\"font-size: medium;\">Enligt bifogade dokument \u00f6verl\u00e4mnar\u00a0flygplatschefen ansvaret f\u00f6r drift och underh\u00e5ll av segelflygstr\u00e5ket till Malm\u00f6 Segelflygklubb<\/span>.<\/span><\/p>\n<p><a href=\"http:\/\/flygplats.sjoboflyg.se\/wp-content\/uploads\/2009\/10\/Avtal-MSFK.pdf\" target=\"_blank\"><span style=\"font-family: trebuchet ms,geneva;\"><span style=\"font-size: medium;\">Avtal MSFK<\/span><\/span><\/a><a href=\"http:\/\/flygplats.sjoboflyg.se\/wp-content\/uploads\/2009\/10\/Driftsavtal-med-MSFK.pdf\" target=\"_blank\"><span style=\"font-family: trebuchet ms,geneva;\"><\/span><\/a><\/p>\n","protected":false},"excerpt":{"rendered":"<p>Process\u00e4gare: Flygplatschefen Syfte Fastst\u00e4lla ansvarsf\u00f6rdelning r\u00f6rande drift och underh\u00e5ll av segelflygstr\u00e5ket vid Sj\u00f6bo-S\u00f6vde flygplats. Omfattning Enligt bifogat avtal Ansvarsf\u00f6rdelning Enligt bifogade dokument \u00f6verl\u00e4mnar\u00a0flygplatschefen ansvaret f\u00f6r drift och underh\u00e5ll av segelflygstr\u00e5ket till Malm\u00f6 Segelflygklubb. Avtal MSFK<\/p>\n","protected":false},"author":2,"featured_media":0,"parent":7,"menu_order":3,"comment_status":"closed","ping_status":"closed","template":"page-without-sidebar.php","meta":{"footnotes":""},"class_list":["post-37","page","type-page","status-publish","hentry"],"_links":{"self":[{"href":"https:\/\/flygplats.sjoboflyg.se\/index.php?rest_route=\/wp\/v2\/pages\/37","targetHints":{"allow":["GET"]}}],"collection":[{"href":"https:\/\/flygplats.sjoboflyg.se\/index.php?rest_route=\/wp\/v2\/pages"}],"about":[{"href":"https:\/\/flygplats.sjoboflyg.se\/index.php?rest_route=\/wp\/v2\/types\/page"}],"author":[{"embeddable":true,"href":"https:\/\/flygplats.sjoboflyg.se\/index.php?rest_route=\/wp\/v2\/users\/2"}],"replies":[{"embeddable":true,"href":"https:\/\/flygplats.sjoboflyg.se\/index.php?rest_route=%2Fwp%2Fv2%2Fcomments&post=37"}],"version-history":[{"count":24,"href":"https:\/\/flygplats.sjoboflyg.se\/index.php?rest_route=\/wp\/v2\/pages\/37\/revisions"}],"predecessor-version":[{"id":148,"href":"https:\/\/flygplats.sjoboflyg.se\/index.php?rest_route=\/wp\/v2\/pages\/37\/revisions\/148"}],"up":[{"embeddable":true,"href":"https:\/\/flygplats.sjoboflyg.se\/index.php?rest_route=\/wp\/v2\/pages\/7"}],"wp:attachment":[{"href":"https:\/\/flygplats.sjoboflyg.se\/index.php?rest_route=%2Fwp%2Fv2%2Fmedia&parent=37"}],"curies":[{"name":"wp","href":"https:\/\/api.w.org\/{rel}","templated":true}]}}

Driftsavtal med Malmö Segelflygklubb MSFK

<p><em>Processägare: Flygplatschefen<br />
</em></p>
<p><span style="font-family: trebuchet ms,geneva;"><span style="font-size: medium;"><strong>Syfte</strong><br />
</span><span style="font-size: medium;">Fastställa ansvarsfördelning rörande drift och underhåll av segelflygstråket vid Sjöbo-Sövde flygplats. </span></span></p>
<p><span style="font-family: trebuchet ms,geneva;"><span style="font-size: medium;"><strong>Omfattning</strong><br />
</span><span style="font-size: medium;">Enligt bifogat avtal</span></span></p>
<p><span style="font-family: trebuchet ms,geneva;"><span style="font-size: medium;"><strong>Ansvarsfördelning</strong><br />
</span><span style="font-size: medium;">Enligt bifogade dokument överlämnar flygplatschefen ansvaret för drift och underhåll av segelflygstråket till Malmö Segelflygklubb</span>.</span></p>
<p><a href="http://flygplats.sjoboflyg.se/wp-content/uploads/2009/10/Avtal-MSFK.pdf" target="_blank"><span style="font-family: trebuchet ms,geneva;"><span style="font-size: medium;">Avtal MSFK</span></span></a><a href="http://flygplats.sjoboflyg.se/wp-content/uploads/2009/10/Driftsavtal-med-MSFK.pdf" target="_blank"><span style="font-family: trebuchet ms,geneva;"></span></a></p>

<p>Processägare: Flygplatschefen Syfte Fastställa ansvarsfördelning rörande drift och underhåll av segelflygstråket vid Sjöbo-Sövde flygplats. Omfattning Enligt bifogat avtal Ansvarsfördelning Enligt bifogade dokument överlämnar flygplatschefen ansvaret för drift och underhåll av segelflygstråket till Malmö Segelflygklubb. Avtal MSFK</p>
