{"id":381,"date":"2009-10-28T23:24:50","date_gmt":"2009-10-28T21:24:50","guid":{"rendered":"http:\/\/flygplats.sjoboflyg.se\/?page_id=381"},"modified":"2012-08-23T10:19:32","modified_gmt":"2012-08-23T08:19:32","slug":"tjanstgoringslista-instruktion-veckovardar","status":"publish","type":"page","link":"https:\/\/flygplats.sjoboflyg.se\/?page_id=381","title":{"rendered":"Tj\u00e4nstg\u00f6ringslista \/ Instruktion veckov\u00e4rdar"},"content":{"rendered":"<p><em>Process\u00e4gare: F\u00e4ltgruppen<\/em><\/p>\n<p><span style=\"font-size: medium;\"><span style=\"font-family: trebuchet ms,geneva;\">Instruktion \/ Tj\u00e4nstg\u00f6ringslista: Se Arkivet i myWebLog<\/span><\/span><\/p>\n<p><span style=\"font-size: medium;\"><span style=\"font-family: trebuchet ms,geneva;\"><strong>Syfte <\/strong><br \/>\nS\u00e4kerst\u00e4lla att motorflygstr\u00e5ket och tillh\u00f6rande anl\u00e4ggningar inspekteras regelbundet. <\/span><\/span><\/p>\n<p><span style=\"font-family: trebuchet ms,geneva;\"><span style=\"font-size: medium;\"><strong>Omfattning<\/strong><br \/>\n\u00c5tg\u00e4rder enligt rutinerna Inspektion och Banbelysning<\/span><\/span><\/p>\n<p><span style=\"font-family: trebuchet ms,geneva;\"><span style=\"font-size: medium;\">\u00a0<\/span><\/span><\/p>\n","protected":false},"excerpt":{"rendered":"<p>Process\u00e4gare: F\u00e4ltgruppen Instruktion \/ Tj\u00e4nstg\u00f6ringslista: Se Arkivet i myWebLog Syfte S\u00e4kerst\u00e4lla att motorflygstr\u00e5ket och tillh\u00f6rande anl\u00e4ggningar inspekteras regelbundet. Omfattning \u00c5tg\u00e4rder enligt rutinerna Inspektion och Banbelysning \u00a0<\/p>\n","protected":false},"author":2,"featured_media":0,"parent":16,"menu_order":0,"comment_status":"closed","ping_status":"closed","template":"page-without-sidebar.php","meta":{"footnotes":""},"class_list":["post-381","page","type-page","status-publish","hentry"],"_links":{"self":[{"href":"https:\/\/flygplats.sjoboflyg.se\/index.php?rest_route=\/wp\/v2\/pages\/381","targetHints":{"allow":["GET"]}}],"collection":[{"href":"https:\/\/flygplats.sjoboflyg.se\/index.php?rest_route=\/wp\/v2\/pages"}],"about":[{"href":"https:\/\/flygplats.sjoboflyg.se\/index.php?rest_route=\/wp\/v2\/types\/page"}],"author":[{"embeddable":true,"href":"https:\/\/flygplats.sjoboflyg.se\/index.php?rest_route=\/wp\/v2\/users\/2"}],"replies":[{"embeddable":true,"href":"https:\/\/flygplats.sjoboflyg.se\/index.php?rest_route=%2Fwp%2Fv2%2Fcomments&post=381"}],"version-history":[{"count":27,"href":"https:\/\/flygplats.sjoboflyg.se\/index.php?rest_route=\/wp\/v2\/pages\/381\/revisions"}],"predecessor-version":[{"id":1047,"href":"https:\/\/flygplats.sjoboflyg.se\/index.php?rest_route=\/wp\/v2\/pages\/381\/revisions\/1047"}],"up":[{"embeddable":true,"href":"https:\/\/flygplats.sjoboflyg.se\/index.php?rest_route=\/wp\/v2\/pages\/16"}],"wp:attachment":[{"href":"https:\/\/flygplats.sjoboflyg.se\/index.php?rest_route=%2Fwp%2Fv2%2Fmedia&parent=381"}],"curies":[{"name":"wp","href":"https:\/\/api.w.org\/{rel}","templated":true}]}}

Tjänstgöringslista / Instruktion veckovärdar

<p><em>Processägare: Fältgruppen</em></p>
<p><span style="font-size: medium;"><span style="font-family: trebuchet ms,geneva;">Instruktion / Tjänstgöringslista: Se Arkivet i myWebLog</span></span></p>
<p><span style="font-size: medium;"><span style="font-family: trebuchet ms,geneva;"><strong>Syfte </strong><br />
Säkerställa att motorflygstråket och tillhörande anläggningar inspekteras regelbundet. </span></span></p>
<p><span style="font-family: trebuchet ms,geneva;"><span style="font-size: medium;"><strong>Omfattning</strong><br />
Åtgärder enligt rutinerna Inspektion och Banbelysning</span></span></p>
<p><span style="font-family: trebuchet ms,geneva;"><span style="font-size: medium;"> </span></span></p>

<p>Processägare: Fältgruppen Instruktion / Tjänstgöringslista: Se Arkivet i myWebLog Syfte Säkerställa att motorflygstråket och tillhörande anläggningar inspekteras regelbundet. Omfattning Åtgärder enligt rutinerna Inspektion och Banbelysning  </p>
