{"id":399,"date":"2009-11-01T09:00:54","date_gmt":"2009-11-01T07:00:54","guid":{"rendered":"http:\/\/flygplats.sjoboflyg.se\/?page_id=399"},"modified":"2009-11-17T07:39:47","modified_gmt":"2009-11-17T05:39:47","slug":"driftsavtal-med-acroflyers-modellflygklubb","status":"publish","type":"page","link":"https:\/\/flygplats.sjoboflyg.se\/?page_id=399","title":{"rendered":"Driftsavtal med AcroFlyers modellflygklubb"},"content":{"rendered":"<p><em>Process\u00e4gare: Flygplatschefen<br \/>\n<\/em><\/p>\n<p><span style=\"font-family: trebuchet ms,geneva;\"><span style=\"font-size: medium;\"><strong>Syfte<\/strong><br \/>\n<\/span><span style=\"font-size: medium;\">Fastst\u00e4lla ansvarsf\u00f6rdelning r\u00f6rande drift och underh\u00e5ll av modellflygomr\u00e5det vid Sj\u00f6bo-S\u00f6vde flygplats. <\/span><\/span><\/p>\n<p><span style=\"font-family: trebuchet ms,geneva;\"><span style=\"font-size: medium;\"><strong>Omfattning<\/strong><br \/>\n<\/span><span style=\"font-size: medium;\">Enligt bifogat avtal<\/span><\/span><\/p>\n<p><span style=\"font-family: trebuchet ms,geneva;\"><span style=\"font-size: medium;\"><strong>Ansvarsf\u00f6rdelning<\/strong><br \/>\n<\/span><span style=\"font-size: medium;\">Enligt bifogade dokument \u00f6verl\u00e4mnar\u00a0flygplatschefen ansvaret f\u00f6r drift och underh\u00e5ll av modellflygomr\u00e5det till AcroFlyers modellflygklubb<\/span>.<\/span><\/p>\n<p><a href=\"http:\/\/flygplats.sjoboflyg.se\/wp-content\/uploads\/2009\/11\/Driftsavtal-med-AcroFlyers2.pdf\" target=\"_blank\"><span style=\"font-size: medium;\"><span style=\"font-family: trebuchet ms,geneva;\">Driftsavtal-med-AcroFlyers2<\/span><\/span><\/a><\/p>\n<p><a href=\"http:\/\/flygplats.sjoboflyg.se\/wp-content\/uploads\/2009\/10\/Driftsavtal-med-MSFK.pdf\"><span style=\"font-family: trebuchet ms,geneva;\"><br \/>\n<\/span><\/a><\/p>\n","protected":false},"excerpt":{"rendered":"<p>Process\u00e4gare: Flygplatschefen Syfte Fastst\u00e4lla ansvarsf\u00f6rdelning r\u00f6rande drift och underh\u00e5ll av modellflygomr\u00e5det vid Sj\u00f6bo-S\u00f6vde flygplats. Omfattning Enligt bifogat avtal Ansvarsf\u00f6rdelning Enligt bifogade dokument \u00f6verl\u00e4mnar\u00a0flygplatschefen ansvaret f\u00f6r drift och underh\u00e5ll av modellflygomr\u00e5det till AcroFlyers modellflygklubb. Driftsavtal-med-AcroFlyers2<\/p>\n","protected":false},"author":2,"featured_media":0,"parent":7,"menu_order":4,"comment_status":"closed","ping_status":"closed","template":"page-without-sidebar.php","meta":{"footnotes":""},"class_list":["post-399","page","type-page","status-publish","hentry"],"_links":{"self":[{"href":"https:\/\/flygplats.sjoboflyg.se\/index.php?rest_route=\/wp\/v2\/pages\/399","targetHints":{"allow":["GET"]}}],"collection":[{"href":"https:\/\/flygplats.sjoboflyg.se\/index.php?rest_route=\/wp\/v2\/pages"}],"about":[{"href":"https:\/\/flygplats.sjoboflyg.se\/index.php?rest_route=\/wp\/v2\/types\/page"}],"author":[{"embeddable":true,"href":"https:\/\/flygplats.sjoboflyg.se\/index.php?rest_route=\/wp\/v2\/users\/2"}],"replies":[{"embeddable":true,"href":"https:\/\/flygplats.sjoboflyg.se\/index.php?rest_route=%2Fwp%2Fv2%2Fcomments&post=399"}],"version-history":[{"count":12,"href":"https:\/\/flygplats.sjoboflyg.se\/index.php?rest_route=\/wp\/v2\/pages\/399\/revisions"}],"predecessor-version":[{"id":640,"href":"https:\/\/flygplats.sjoboflyg.se\/index.php?rest_route=\/wp\/v2\/pages\/399\/revisions\/640"}],"up":[{"embeddable":true,"href":"https:\/\/flygplats.sjoboflyg.se\/index.php?rest_route=\/wp\/v2\/pages\/7"}],"wp:attachment":[{"href":"https:\/\/flygplats.sjoboflyg.se\/index.php?rest_route=%2Fwp%2Fv2%2Fmedia&parent=399"}],"curies":[{"name":"wp","href":"https:\/\/api.w.org\/{rel}","templated":true}]}}

<p><em>Processägare: Flygplatschefen<br />
</em></p>
<p><span style="font-family: trebuchet ms,geneva;"><span style="font-size: medium;"><strong>Syfte</strong><br />
</span><span style="font-size: medium;">Fastställa ansvarsfördelning rörande drift och underhåll av modellflygområdet vid Sjöbo-Sövde flygplats. </span></span></p>
<p><span style="font-family: trebuchet ms,geneva;"><span style="font-size: medium;"><strong>Omfattning</strong><br />
</span><span style="font-size: medium;">Enligt bifogat avtal</span></span></p>
<p><span style="font-family: trebuchet ms,geneva;"><span style="font-size: medium;"><strong>Ansvarsfördelning</strong><br />
</span><span style="font-size: medium;">Enligt bifogade dokument överlämnar flygplatschefen ansvaret för drift och underhåll av modellflygområdet till AcroFlyers modellflygklubb</span>.</span></p>
<p><a href="http://flygplats.sjoboflyg.se/wp-content/uploads/2009/11/Driftsavtal-med-AcroFlyers2.pdf" target="_blank"><span style="font-size: medium;"><span style="font-family: trebuchet ms,geneva;">Driftsavtal-med-AcroFlyers2</span></span></a></p>
<p><a href="http://flygplats.sjoboflyg.se/wp-content/uploads/2009/10/Driftsavtal-med-MSFK.pdf"><span style="font-family: trebuchet ms,geneva;"><br />
</span></a></p>

<p>Processägare: Flygplatschefen Syfte Fastställa ansvarsfördelning rörande drift och underhåll av modellflygområdet vid Sjöbo-Sövde flygplats. Omfattning Enligt bifogat avtal Ansvarsfördelning Enligt bifogade dokument överlämnar flygplatschefen ansvaret för drift och underhåll av modellflygområdet till AcroFlyers modellflygklubb. Driftsavtal-med-AcroFlyers2</p>
