{"id":464,"date":"2009-11-08T14:30:36","date_gmt":"2009-11-08T12:30:36","guid":{"rendered":"http:\/\/flygplats.sjoboflyg.se\/?page_id=464"},"modified":"2009-12-26T18:37:18","modified_gmt":"2009-12-26T16:37:18","slug":"besokare","status":"publish","type":"page","link":"https:\/\/flygplats.sjoboflyg.se\/?page_id=464","title":{"rendered":"Bes\u00f6kare"},"content":{"rendered":"<div>\n<p><em>Process\u00e4gare: Flygplatschefen<\/em><\/p>\n<p><span style=\"font-size: medium;\"><span style=\"font-family: trebuchet ms,geneva;\"><strong>Syfte <\/strong><br \/>\nS\u00e4kerst\u00e4lla att\u00a0bes\u00f6kare av Sj\u00f6bo-S\u00f6vde flygplats erh\u00e5ller relevant information via officiell dokumentation.\u00a0\u00a0\u00a0<\/span><\/span><\/p>\n<p><span style=\"font-family: trebuchet ms,geneva;\"><span style=\"font-size: medium;\"><strong>Omfattning<\/strong><br \/>\nAlla bes\u00f6kare.<\/span><\/span><\/p>\n<p><span style=\"font-family: trebuchet ms,geneva;\"><span style=\"font-size: medium;\"><strong>\u00c5tg\u00e4rder<\/strong><\/span><\/span><\/p>\n<table border=\"0\" align=\"left\">\n<thead>\n<tr align=\"left\" valign=\"middle\">\n<td><span style=\"font-size: medium;\"><span style=\"font-family: trebuchet ms,geneva;\"><strong>Beskrivning\u00a0\u00a0\u00a0\u00a0\u00a0\u00a0\u00a0\u00a0\u00a0\u00a0\u00a0\u00a0\u00a0\u00a0\u00a0\u00a0\u00a0\u00a0\u00a0\u00a0\u00a0\u00a0\u00a0\u00a0\u00a0\u00a0\u00a0\u00a0 <\/strong><\/span><\/span><\/td>\n<td><span style=\"font-size: medium;\"><span style=\"font-family: trebuchet ms,geneva;\"><span style=\"font-size: medium;\"><strong>Ansvarig<\/strong><\/span><\/span><\/span><\/td>\n<td><span style=\"font-size: medium;\"><span style=\"font-family: trebuchet ms,geneva;\"><span style=\"font-size: medium;\"><strong>St\u00f6dprocess \/ Dokument<\/strong><\/span><\/span><\/span><\/td>\n<\/tr>\n<tr align=\"left\" valign=\"middle\">\n<td><span style=\"font-size: medium;\"><span style=\"font-family: trebuchet ms,geneva;\"><span style=\"font-size: medium;\"><span style=\"font-family: trebuchet ms,geneva;\"><span style=\"font-size: medium;\">Uppdatera AIP \/ Notam<\/span><\/span><\/span><\/span><\/span><\/td>\n<td><span style=\"font-size: medium;\"><span style=\"font-family: trebuchet ms,geneva;\">Flygplatschefen<\/span>\u00a0\u00a0\u00a0\u00a0\u00a0\u00a0<\/span><\/td>\n<td>\u00a0<\/td>\n<\/tr>\n<tr align=\"left\" valign=\"middle\">\n<td><span style=\"font-size: medium;\"><span style=\"font-family: trebuchet ms,geneva;\"><span style=\"font-size: medium;\"><span style=\"font-size: medium;\"><span style=\"font-family: trebuchet ms,geneva;\"><span style=\"font-size: medium;\">Uppdatera Svenska Flygf\u00e4lt\u00a0<\/span><\/span><\/span><\/span><\/span><\/span><\/td>\n<td><span style=\"font-size: medium;\"><span style=\"font-size: medium;\"><span style=\"font-family: trebuchet ms,geneva;\">Flygplatschefen<\/span><\/span><\/span><\/td>\n<td>\u00a0<\/td>\n<\/tr>\n<\/thead>\n<tbody><\/tbody>\n<\/table>\n<p><span style=\"font-family: trebuchet ms,geneva;\"><span style=\"font-size: medium;\"><strong>\u00a0<\/strong><\/span><\/span><\/div>\n","protected":false},"excerpt":{"rendered":"<p>Process\u00e4gare: Flygplatschefen Syfte S\u00e4kerst\u00e4lla att\u00a0bes\u00f6kare av Sj\u00f6bo-S\u00f6vde flygplats erh\u00e5ller relevant information via officiell dokumentation.\u00a0\u00a0\u00a0 Omfattning Alla bes\u00f6kare. \u00c5tg\u00e4rder Beskrivning\u00a0\u00a0\u00a0\u00a0\u00a0\u00a0\u00a0\u00a0\u00a0\u00a0\u00a0\u00a0\u00a0\u00a0\u00a0\u00a0\u00a0\u00a0\u00a0\u00a0\u00a0\u00a0\u00a0\u00a0\u00a0\u00a0\u00a0\u00a0 Ansvarig St\u00f6dprocess \/ Dokument Uppdatera AIP \/ Notam Flygplatschefen\u00a0\u00a0\u00a0\u00a0\u00a0\u00a0 \u00a0 Uppdatera Svenska Flygf\u00e4lt\u00a0 Flygplatschefen \u00a0 \u00a0<\/p>\n","protected":false},"author":2,"featured_media":0,"parent":5,"menu_order":0,"comment_status":"closed","ping_status":"closed","template":"page-without-sidebar.php","meta":{"footnotes":""},"class_list":["post-464","page","type-page","status-publish","hentry"],"_links":{"self":[{"href":"https:\/\/flygplats.sjoboflyg.se\/index.php?rest_route=\/wp\/v2\/pages\/464","targetHints":{"allow":["GET"]}}],"collection":[{"href":"https:\/\/flygplats.sjoboflyg.se\/index.php?rest_route=\/wp\/v2\/pages"}],"about":[{"href":"https:\/\/flygplats.sjoboflyg.se\/index.php?rest_route=\/wp\/v2\/types\/page"}],"author":[{"embeddable":true,"href":"https:\/\/flygplats.sjoboflyg.se\/index.php?rest_route=\/wp\/v2\/users\/2"}],"replies":[{"embeddable":true,"href":"https:\/\/flygplats.sjoboflyg.se\/index.php?rest_route=%2Fwp%2Fv2%2Fcomments&post=464"}],"version-history":[{"count":6,"href":"https:\/\/flygplats.sjoboflyg.se\/index.php?rest_route=\/wp\/v2\/pages\/464\/revisions"}],"predecessor-version":[{"id":783,"href":"https:\/\/flygplats.sjoboflyg.se\/index.php?rest_route=\/wp\/v2\/pages\/464\/revisions\/783"}],"up":[{"embeddable":true,"href":"https:\/\/flygplats.sjoboflyg.se\/index.php?rest_route=\/wp\/v2\/pages\/5"}],"wp:attachment":[{"href":"https:\/\/flygplats.sjoboflyg.se\/index.php?rest_route=%2Fwp%2Fv2%2Fmedia&parent=464"}],"curies":[{"name":"wp","href":"https:\/\/api.w.org\/{rel}","templated":true}]}}

Besökare

<div>
<p><em>Processägare: Flygplatschefen</em></p>
<p><span style="font-size: medium;"><span style="font-family: trebuchet ms,geneva;"><strong>Syfte </strong><br />
Säkerställa att besökare av Sjöbo-Sövde flygplats erhåller relevant information via officiell dokumentation.   </span></span></p>
<p><span style="font-family: trebuchet ms,geneva;"><span style="font-size: medium;"><strong>Omfattning</strong><br />
Alla besökare.</span></span></p>
<p><span style="font-family: trebuchet ms,geneva;"><span style="font-size: medium;"><strong>Åtgärder</strong></span></span></p>
<table border="0" align="left">
<thead>
<tr align="left" valign="middle">
<td><span style="font-size: medium;"><span style="font-family: trebuchet ms,geneva;"><strong>Beskrivning                             </strong></span></span></td>
<td><span style="font-size: medium;"><span style="font-family: trebuchet ms,geneva;"><span style="font-size: medium;"><strong>Ansvarig</strong></span></span></span></td>
<td><span style="font-size: medium;"><span style="font-family: trebuchet ms,geneva;"><span style="font-size: medium;"><strong>Stödprocess / Dokument</strong></span></span></span></td>
</tr>
<tr align="left" valign="middle">
<td><span style="font-size: medium;"><span style="font-family: trebuchet ms,geneva;"><span style="font-size: medium;"><span style="font-family: trebuchet ms,geneva;"><span style="font-size: medium;">Uppdatera AIP / Notam</span></span></span></span></span></td>
<td><span style="font-size: medium;"><span style="font-family: trebuchet ms,geneva;">Flygplatschefen</span>      </span></td>
<td> </td>
</tr>
<tr align="left" valign="middle">
<td><span style="font-size: medium;"><span style="font-family: trebuchet ms,geneva;"><span style="font-size: medium;"><span style="font-size: medium;"><span style="font-family: trebuchet ms,geneva;"><span style="font-size: medium;">Uppdatera Svenska Flygfält </span></span></span></span></span></span></td>
<td><span style="font-size: medium;"><span style="font-size: medium;"><span style="font-family: trebuchet ms,geneva;">Flygplatschefen</span></span></span></td>
<td> </td>
</tr>
</thead>
<tbody></tbody>
</table>
<p><span style="font-family: trebuchet ms,geneva;"><span style="font-size: medium;"><strong> </strong></span></span></div>

<p>Processägare: Flygplatschefen Syfte Säkerställa att besökare av Sjöbo-Sövde flygplats erhåller relevant information via officiell dokumentation.    Omfattning Alla besökare. Åtgärder Beskrivning                             Ansvarig Stödprocess / Dokument Uppdatera AIP / Notam Flygplatschefen         Uppdatera Svenska Flygfält  Flygplatschefen    </p>
