{"id":544,"date":"2009-11-12T22:11:45","date_gmt":"2009-11-12T20:11:45","guid":{"rendered":"http:\/\/flygplats.sjoboflyg.se\/?page_id=544"},"modified":"2009-11-14T11:42:00","modified_gmt":"2009-11-14T09:42:00","slug":"registrering-av-nya-brukare","status":"publish","type":"page","link":"https:\/\/flygplats.sjoboflyg.se\/?page_id=544","title":{"rendered":"Registrering av nya brukare"},"content":{"rendered":"<p><em>Process\u00e4gare: Flygplatschefen<\/em><\/p>\n<p><span style=\"font-size: medium;\"><span style=\"font-family: trebuchet ms,geneva;\"><strong>Syfte\u00a0<\/strong><br \/>\nRegistrera och skapa inloggning f\u00f6r nya brukare\u00a0\u00a0<\/span><\/span><\/p>\n<p><span style=\"font-family: trebuchet ms,geneva;\"><span style=\"font-size: medium;\"><strong>Omfattning<\/strong><br \/>\nPersoner eller f\u00f6retag som vill etablera verksamhet p\u00e5 f\u00e4ltet<\/span><\/span><\/p>\n<p><span style=\"font-family: trebuchet ms,geneva;\"><span style=\"font-size: medium;\"><strong>\u00c5tg\u00e4rder<\/strong><br \/>\nUppr\u00e4tta kontaktuppgifter<br \/>\nSkapa inloggning<br \/>\nInformera om drifthandbokens uppl\u00e4gg<br \/>\nInformera om rapportverktyget<\/span><\/span><\/p>\n","protected":false},"excerpt":{"rendered":"<p>Process\u00e4gare: Flygplatschefen Syfte\u00a0 Registrera och skapa inloggning f\u00f6r nya brukare\u00a0\u00a0 Omfattning Personer eller f\u00f6retag som vill etablera verksamhet p\u00e5 f\u00e4ltet \u00c5tg\u00e4rder Uppr\u00e4tta kontaktuppgifter Skapa inloggning Informera om drifthandbokens uppl\u00e4gg Informera om rapportverktyget<\/p>\n","protected":false},"author":2,"featured_media":0,"parent":5,"menu_order":0,"comment_status":"closed","ping_status":"closed","template":"page-without-sidebar.php","meta":{"footnotes":""},"class_list":["post-544","page","type-page","status-publish","hentry"],"_links":{"self":[{"href":"https:\/\/flygplats.sjoboflyg.se\/index.php?rest_route=\/wp\/v2\/pages\/544","targetHints":{"allow":["GET"]}}],"collection":[{"href":"https:\/\/flygplats.sjoboflyg.se\/index.php?rest_route=\/wp\/v2\/pages"}],"about":[{"href":"https:\/\/flygplats.sjoboflyg.se\/index.php?rest_route=\/wp\/v2\/types\/page"}],"author":[{"embeddable":true,"href":"https:\/\/flygplats.sjoboflyg.se\/index.php?rest_route=\/wp\/v2\/users\/2"}],"replies":[{"embeddable":true,"href":"https:\/\/flygplats.sjoboflyg.se\/index.php?rest_route=%2Fwp%2Fv2%2Fcomments&post=544"}],"version-history":[{"count":10,"href":"https:\/\/flygplats.sjoboflyg.se\/index.php?rest_route=\/wp\/v2\/pages\/544\/revisions"}],"predecessor-version":[{"id":614,"href":"https:\/\/flygplats.sjoboflyg.se\/index.php?rest_route=\/wp\/v2\/pages\/544\/revisions\/614"}],"up":[{"embeddable":true,"href":"https:\/\/flygplats.sjoboflyg.se\/index.php?rest_route=\/wp\/v2\/pages\/5"}],"wp:attachment":[{"href":"https:\/\/flygplats.sjoboflyg.se\/index.php?rest_route=%2Fwp%2Fv2%2Fmedia&parent=544"}],"curies":[{"name":"wp","href":"https:\/\/api.w.org\/{rel}","templated":true}]}}