{"id":72,"date":"2009-10-18T21:26:39","date_gmt":"2009-10-18T19:26:39","guid":{"rendered":"http:\/\/flygplats.sjoboflyg.se\/?page_id=72"},"modified":"2014-01-15T12:05:14","modified_gmt":"2014-01-15T10:05:14","slug":"kartor","status":"publish","type":"page","link":"https:\/\/flygplats.sjoboflyg.se\/?page_id=72","title":{"rendered":"ESMI,kartor"},"content":{"rendered":"<p><em>Process\u00e4gare: Flygplatschefen<\/em><\/p>\n<p><span style=\"font-family: trebuchet ms,geneva; font-size: medium;\"><a href=\"http:\/\/flygplats.sjoboflyg.se\/wp-content\/uploads\/2009\/10\/2013-10-24-Lokala-f\u00f6reskrifter-ESMI.pdf\" target=\"_blank\">Lokala f\u00f6reskrifter ESMI<\/a><\/span><br \/>\n<span style=\"font-family: trebuchet ms,geneva; font-size: medium;\"> <a href=\"..\/wp-content\/uploads\/2009\/10\/Riskanalys-f%C3%B6r-olyckor-38794-1.pdf\" target=\"_blank\">Riskanalys f\u00f6r olyckor<\/a><\/span><br \/>\n<span style=\"font-family: trebuchet ms,geneva; font-size: medium;\"> <a href=\"http:\/\/flygplats.sjoboflyg.se\/wp-content\/uploads\/2009\/10\/Karta-satellit-ansvarsomr1.jpg\" target=\"_blank\">Ansvarsomr-karta<\/a><\/span><br \/>\n<span style=\"font-family: trebuchet ms,geneva; font-size: medium;\"> <a href=\"http:\/\/flygplats.sjoboflyg.se\/wp-content\/uploads\/2009\/10\/Flygplatskarta-framsida.pdf\" target=\"_blank\">Flygplatskarta framsida<\/a><\/span><br \/>\n<span style=\"font-family: trebuchet ms,geneva; font-size: medium;\"> <a href=\"http:\/\/flygplats.sjoboflyg.se\/wp-content\/uploads\/2009\/10\/Flygplatskarta-baksida.pdf\" target=\"_blank\">Flygplatskarta baksida<\/a><\/span><br \/>\n<span style=\"font-family: trebuchet ms,geneva; font-size: medium;\"> <a href=\"http:\/\/flygplats.sjoboflyg.se\/wp-content\/uploads\/2009\/10\/Trafikvarv_12.pdf\" target=\"_blank\">Trafikvarv_12<\/a><\/span><br \/>\n<span style=\"font-family: trebuchet ms,geneva; font-size: medium;\"> <a href=\"http:\/\/flygplats.sjoboflyg.se\/wp-content\/uploads\/2009\/10\/Trafikvarv_30.pdf\" target=\"_blank\">Trafikvarv_30<\/a><\/span><br \/>\n<span style=\"font-family: trebuchet ms,geneva; font-size: medium;\"> <a href=\"http:\/\/flygplats.sjoboflyg.se\/wp-content\/uploads\/2009\/10\/ESMI_overview_map.pdf\" target=\"_blank\">ESMI_overview_map<\/a><\/span><br \/>\n<span style=\"font-family: trebuchet ms,geneva; font-size: medium;\"> <a href=\"http:\/\/flygplats.sjoboflyg.se\/wp-content\/uploads\/2009\/10\/ESMI_karta_Byggnader.pdf\" target=\"_blank\">ESMI_karta_Byggnader<\/a><\/span><br \/>\n<span style=\"font-family: trebuchet ms,geneva; font-size: medium;\"> <a href=\"http:\/\/flygplats.sjoboflyg.se\/wp-content\/uploads\/2009\/10\/Sjobo-Sovde_Karta1.pdf\" target=\"_blank\">Sjobo-Sovde_Karta<\/a><\/span><br \/>\n<span style=\"font-family: trebuchet ms,geneva; font-size: medium;\"> <a href=\"http:\/\/flygplats.sjoboflyg.se\/wp-content\/uploads\/2009\/10\/Sjobo-Sovde_Sektioner1.pdf\" target=\"_blank\">Sjobo-Sovde_Sektioner<\/a><\/span><br \/>\n<span style=\"font-family: trebuchet ms,geneva; font-size: medium;\"> <a href=\"http:\/\/flygplats.sjoboflyg.se\/wp-content\/uploads\/2009\/10\/Flygplatsomr\u00e5de.pdf\" target=\"_blank\">Flygplatsomr\u00e5de<\/a><\/span><br \/>\n<span style=\"font-family: trebuchet ms,geneva; font-size: medium;\"> <a href=\"http:\/\/flygplats.sjoboflyg.se\/wp-content\/uploads\/2009\/10\/Riskanalys-f\u00f6r-olyckor-38794-1.pdf\" target=\"_blank\"><br \/>\n<\/a><\/span><\/p>\n<p>&nbsp;<\/p>\n<p>&nbsp;<\/p>\n","protected":false},"excerpt":{"rendered":"<p>Process\u00e4gare: Flygplatschefen Lokala f\u00f6reskrifter ESMI Riskanalys f\u00f6r olyckor Ansvarsomr-karta Flygplatskarta framsida Flygplatskarta baksida Trafikvarv_12 Trafikvarv_30 ESMI_overview_map ESMI_karta_Byggnader Sjobo-Sovde_Karta Sjobo-Sovde_Sektioner Flygplatsomr\u00e5de &nbsp; &nbsp;<\/p>\n","protected":false},"author":2,"featured_media":0,"parent":7,"menu_order":6,"comment_status":"closed","ping_status":"closed","template":"page-without-sidebar.php","meta":{"footnotes":""},"class_list":["post-72","page","type-page","status-publish","hentry"],"_links":{"self":[{"href":"https:\/\/flygplats.sjoboflyg.se\/index.php?rest_route=\/wp\/v2\/pages\/72","targetHints":{"allow":["GET"]}}],"collection":[{"href":"https:\/\/flygplats.sjoboflyg.se\/index.php?rest_route=\/wp\/v2\/pages"}],"about":[{"href":"https:\/\/flygplats.sjoboflyg.se\/index.php?rest_route=\/wp\/v2\/types\/page"}],"author":[{"embeddable":true,"href":"https:\/\/flygplats.sjoboflyg.se\/index.php?rest_route=\/wp\/v2\/users\/2"}],"replies":[{"embeddable":true,"href":"https:\/\/flygplats.sjoboflyg.se\/index.php?rest_route=%2Fwp%2Fv2%2Fcomments&post=72"}],"version-history":[{"count":46,"href":"https:\/\/flygplats.sjoboflyg.se\/index.php?rest_route=\/wp\/v2\/pages\/72\/revisions"}],"predecessor-version":[{"id":76,"href":"https:\/\/flygplats.sjoboflyg.se\/index.php?rest_route=\/wp\/v2\/pages\/72\/revisions\/76"}],"up":[{"embeddable":true,"href":"https:\/\/flygplats.sjoboflyg.se\/index.php?rest_route=\/wp\/v2\/pages\/7"}],"wp:attachment":[{"href":"https:\/\/flygplats.sjoboflyg.se\/index.php?rest_route=%2Fwp%2Fv2%2Fmedia&parent=72"}],"curies":[{"name":"wp","href":"https:\/\/api.w.org\/{rel}","templated":true}]}}

<p><em>Processägare: Flygplatschefen</em></p>
<p><span style="font-family: trebuchet ms,geneva; font-size: medium;"><a href="http://flygplats.sjoboflyg.se/wp-content/uploads/2009/10/2013-10-24-Lokala-föreskrifter-ESMI.pdf" target="_blank">Lokala föreskrifter ESMI</a></span><br />
<span style="font-family: trebuchet ms,geneva; font-size: medium;"> <a href="../wp-content/uploads/2009/10/Riskanalys-f%C3%B6r-olyckor-38794-1.pdf" target="_blank">Riskanalys för olyckor</a></span><br />
<span style="font-family: trebuchet ms,geneva; font-size: medium;"> <a href="http://flygplats.sjoboflyg.se/wp-content/uploads/2009/10/Karta-satellit-ansvarsomr1.jpg" target="_blank">Ansvarsomr-karta</a></span><br />
<span style="font-family: trebuchet ms,geneva; font-size: medium;"> <a href="http://flygplats.sjoboflyg.se/wp-content/uploads/2009/10/Flygplatskarta-framsida.pdf" target="_blank">Flygplatskarta framsida</a></span><br />
<span style="font-family: trebuchet ms,geneva; font-size: medium;"> <a href="http://flygplats.sjoboflyg.se/wp-content/uploads/2009/10/Flygplatskarta-baksida.pdf" target="_blank">Flygplatskarta baksida</a></span><br />
<span style="font-family: trebuchet ms,geneva; font-size: medium;"> <a href="http://flygplats.sjoboflyg.se/wp-content/uploads/2009/10/Trafikvarv_12.pdf" target="_blank">Trafikvarv_12</a></span><br />
<span style="font-family: trebuchet ms,geneva; font-size: medium;"> <a href="http://flygplats.sjoboflyg.se/wp-content/uploads/2009/10/Trafikvarv_30.pdf" target="_blank">Trafikvarv_30</a></span><br />
<span style="font-family: trebuchet ms,geneva; font-size: medium;"> <a href="http://flygplats.sjoboflyg.se/wp-content/uploads/2009/10/ESMI_overview_map.pdf" target="_blank">ESMI_overview_map</a></span><br />
<span style="font-family: trebuchet ms,geneva; font-size: medium;"> <a href="http://flygplats.sjoboflyg.se/wp-content/uploads/2009/10/ESMI_karta_Byggnader.pdf" target="_blank">ESMI_karta_Byggnader</a></span><br />
<span style="font-family: trebuchet ms,geneva; font-size: medium;"> <a href="http://flygplats.sjoboflyg.se/wp-content/uploads/2009/10/Sjobo-Sovde_Karta1.pdf" target="_blank">Sjobo-Sovde_Karta</a></span><br />
<span style="font-family: trebuchet ms,geneva; font-size: medium;"> <a href="http://flygplats.sjoboflyg.se/wp-content/uploads/2009/10/Sjobo-Sovde_Sektioner1.pdf" target="_blank">Sjobo-Sovde_Sektioner</a></span><br />
<span style="font-family: trebuchet ms,geneva; font-size: medium;"> <a href="http://flygplats.sjoboflyg.se/wp-content/uploads/2009/10/Flygplatsområde.pdf" target="_blank">Flygplatsområde</a></span><br />
<span style="font-family: trebuchet ms,geneva; font-size: medium;"> <a href="http://flygplats.sjoboflyg.se/wp-content/uploads/2009/10/Riskanalys-för-olyckor-38794-1.pdf" target="_blank"><br />
</a></span></p>
<p>&nbsp;</p>
<p>&nbsp;</p>

<p>Processägare: Flygplatschefen Lokala föreskrifter ESMI Riskanalys för olyckor Ansvarsomr-karta Flygplatskarta framsida Flygplatskarta baksida Trafikvarv_12 Trafikvarv_30 ESMI_overview_map ESMI_karta_Byggnader Sjobo-Sovde_Karta Sjobo-Sovde_Sektioner Flygplatsområde &nbsp; &nbsp;</p>
