{"id":851,"date":"2010-01-21T17:46:23","date_gmt":"2010-01-21T15:46:23","guid":{"rendered":"http:\/\/flygplats.sjoboflyg.se\/?page_id=851"},"modified":"2010-01-21T19:21:42","modified_gmt":"2010-01-21T17:21:42","slug":"instruktion-segelflygledare","status":"publish","type":"page","link":"https:\/\/flygplats.sjoboflyg.se\/?page_id=851","title":{"rendered":"Instruktion Segelflygledare"},"content":{"rendered":"<p><em>Process\u00e4gare: F\u00e4ltgruppen MSFK<\/em><\/p>\n<p><span style=\"font-size: medium;\"><span style=\"font-family: trebuchet ms,geneva;\">Instruktion: <a href=\"http:\/\/flygplats.sjoboflyg.se\/wp-content\/uploads\/2010\/01\/Swegelflygledarens-uppgifter.pdf\" target=\"_blank\">Segelflygledarens uppgifter<\/a><a href=\"http:\/\/flygplats.sjoboflyg.se\/wp-content\/uploads\/2009\/10\/Jourlista.pdf\" target=\"_blank\"><\/a><\/span><\/span><span style=\"font-size: medium;\"><span style=\"font-family: trebuchet ms,geneva;\"> <\/span><\/span><\/p>\n<p><span style=\"FONT-SIZE: medium\"><span style=\"FONT-FAMILY: trebuchet ms,geneva\"><strong>Syfte <\/strong><br \/>\nS\u00e4kerst\u00e4lla att segelflygstr\u00e5ket\u00a0och tillh\u00f6rande anl\u00e4ggningar\u00a0inspekteras regelbundet. <\/span><\/span><\/p>\n<p><span style=\"FONT-FAMILY: trebuchet ms,geneva\"><span style=\"FONT-SIZE: medium\"><strong>Omfattning<\/strong><br \/>\n\u00c5tg\u00e4rder enligt rutinen Inspektion<\/span><\/span><\/p>\n<p><span style=\"FONT-FAMILY: trebuchet ms,geneva\"><span style=\"FONT-SIZE: medium\">\u00a0<\/span><\/span><\/p>\n","protected":false},"excerpt":{"rendered":"<p>Process\u00e4gare: F\u00e4ltgruppen MSFK Instruktion: Segelflygledarens uppgifter Syfte S\u00e4kerst\u00e4lla att segelflygstr\u00e5ket\u00a0och tillh\u00f6rande anl\u00e4ggningar\u00a0inspekteras regelbundet. Omfattning \u00c5tg\u00e4rder enligt rutinen Inspektion \u00a0<\/p>\n","protected":false},"author":2,"featured_media":0,"parent":64,"menu_order":0,"comment_status":"closed","ping_status":"closed","template":"","meta":{"footnotes":""},"class_list":["post-851","page","type-page","status-publish","hentry"],"_links":{"self":[{"href":"https:\/\/flygplats.sjoboflyg.se\/index.php?rest_route=\/wp\/v2\/pages\/851","targetHints":{"allow":["GET"]}}],"collection":[{"href":"https:\/\/flygplats.sjoboflyg.se\/index.php?rest_route=\/wp\/v2\/pages"}],"about":[{"href":"https:\/\/flygplats.sjoboflyg.se\/index.php?rest_route=\/wp\/v2\/types\/page"}],"author":[{"embeddable":true,"href":"https:\/\/flygplats.sjoboflyg.se\/index.php?rest_route=\/wp\/v2\/users\/2"}],"replies":[{"embeddable":true,"href":"https:\/\/flygplats.sjoboflyg.se\/index.php?rest_route=%2Fwp%2Fv2%2Fcomments&post=851"}],"version-history":[{"count":5,"href":"https:\/\/flygplats.sjoboflyg.se\/index.php?rest_route=\/wp\/v2\/pages\/851\/revisions"}],"predecessor-version":[{"id":859,"href":"https:\/\/flygplats.sjoboflyg.se\/index.php?rest_route=\/wp\/v2\/pages\/851\/revisions\/859"}],"up":[{"embeddable":true,"href":"https:\/\/flygplats.sjoboflyg.se\/index.php?rest_route=\/wp\/v2\/pages\/64"}],"wp:attachment":[{"href":"https:\/\/flygplats.sjoboflyg.se\/index.php?rest_route=%2Fwp%2Fv2%2Fmedia&parent=851"}],"curies":[{"name":"wp","href":"https:\/\/api.w.org\/{rel}","templated":true}]}}